Last updated on 2025-05-09 01:50:13 CEST.
Flavor | Version | Tinstall | Tcheck | Ttotal | Status | Flags |
---|---|---|---|---|---|---|
r-devel-linux-x86_64-debian-clang | 0.2.1 | 114.13 | 211.51 | 325.64 | OK | |
r-devel-linux-x86_64-debian-gcc | 0.2.1 | 115.84 | 172.06 | 287.90 | OK | |
r-devel-linux-x86_64-fedora-clang | 0.2.1 | 581.62 | OK | |||
r-devel-linux-x86_64-fedora-gcc | 0.2.1 | 661.06 | OK | |||
r-devel-windows-x86_64 | 0.2.1 | 144.00 | 285.00 | 429.00 | OK | |
r-patched-linux-x86_64 | 0.2.1 | 147.98 | 220.87 | 368.85 | OK | |
r-release-linux-x86_64 | 0.2.1 | 139.93 | 224.21 | 364.14 | OK | |
r-release-macos-arm64 | 0.2.1 | 148.00 | OK | |||
r-release-macos-x86_64 | 0.2.1 | 451.00 | OK | |||
r-release-windows-x86_64 | 0.2.1 | 140.00 | 265.00 | 405.00 | OK | |
r-oldrel-macos-arm64 | 0.2.1 | 88.00 | NOTE | |||
r-oldrel-macos-x86_64 | 0.2.1 | 156.00 | NOTE | |||
r-oldrel-windows-x86_64 | 0.2.1 | 164.00 | 358.00 | 522.00 | NOTE |
Version: 0.2.1
Check: installed package size
Result: NOTE
installed size is 40.5Mb
sub-directories of 1Mb or more:
libs 40.2Mb
Flavors: r-oldrel-macos-arm64, r-oldrel-macos-x86_64
Version: 0.2.1
Check: for GNU extensions in Makefiles
Result: NOTE
GNU make is a SystemRequirements.
Flavors: r-oldrel-macos-arm64, r-oldrel-macos-x86_64, r-oldrel-windows-x86_64