Last updated on 2024-04-24 01:52:19 CEST.
Flavor | Version | Tinstall | Tcheck | Ttotal | Status | Flags |
---|---|---|---|---|---|---|
r-devel-linux-x86_64-debian-clang | 0.2.1 | 170.85 | 351.88 | 522.73 | NOTE | |
r-devel-linux-x86_64-debian-gcc | 0.2.1 | 151.39 | 278.38 | 429.77 | NOTE | |
r-devel-linux-x86_64-fedora-clang | 0.2.1 | 624.26 | NOTE | |||
r-devel-linux-x86_64-fedora-gcc | 0.2.1 | 740.81 | NOTE | |||
r-prerel-macos-arm64 | 0.2.1 | 137.00 | NOTE | |||
r-prerel-windows-x86_64 | 0.2.1 | 134.00 | 280.00 | 414.00 | NOTE | |
r-patched-linux-x86_64 | 0.2.1 | 124.43 | 387.00 | 511.43 | NOTE | |
r-release-linux-x86_64 | 0.2.1 | 132.03 | 385.81 | 517.84 | NOTE | |
r-release-macos-arm64 | 0.2.1 | 111.00 | NOTE | |||
r-release-macos-x86_64 | 0.2.1 | 249.00 | NOTE | |||
r-release-windows-x86_64 | 0.2.1 | 169.00 | 341.00 | 510.00 | NOTE | |
r-oldrel-macos-arm64 | 0.2.1 | 110.00 | NOTE | |||
r-oldrel-windows-x86_64 | 0.2.1 | 158.00 | 316.00 | 474.00 | NOTE |
Version: 0.2.1
Check: for GNU extensions in Makefiles
Result: NOTE
GNU make is a SystemRequirements.
Flavors: r-devel-linux-x86_64-debian-clang, r-devel-linux-x86_64-debian-gcc, r-devel-linux-x86_64-fedora-clang, r-devel-linux-x86_64-fedora-gcc, r-prerel-macos-arm64, r-prerel-windows-x86_64, r-patched-linux-x86_64, r-release-linux-x86_64, r-release-macos-arm64, r-release-macos-x86_64, r-release-windows-x86_64, r-oldrel-macos-arm64, r-oldrel-windows-x86_64
Version: 0.2.1
Check: installed package size
Result: NOTE
installed size is 40.7Mb
sub-directories of 1Mb or more:
libs 40.4Mb
Flavors: r-prerel-macos-arm64, r-release-macos-arm64, r-release-macos-x86_64, r-oldrel-macos-arm64