Last updated on 2025-04-30 02:50:47 CEST.
Flavor | Version | Tinstall | Tcheck | Ttotal | Status | Flags |
---|---|---|---|---|---|---|
r-devel-linux-x86_64-debian-clang | 0.1.2 | 6.46 | 198.09 | 204.55 | NOTE | |
r-devel-linux-x86_64-debian-gcc | 0.1.2 | 5.22 | 120.75 | 125.97 | NOTE | |
r-devel-linux-x86_64-fedora-clang | 0.1.2 | 330.96 | OK | |||
r-devel-linux-x86_64-fedora-gcc | 0.1.2 | 331.85 | OK | |||
r-devel-windows-x86_64 | 0.1.2 | 8.00 | 189.00 | 197.00 | OK | |
r-patched-linux-x86_64 | 0.1.2 | 5.71 | 187.93 | 193.64 | OK | |
r-release-linux-x86_64 | 0.1.2 | 5.22 | 185.45 | 190.67 | OK | |
r-release-macos-arm64 | 0.1.2 | 88.00 | OK | |||
r-release-macos-x86_64 | 0.1.2 | 193.00 | OK | |||
r-release-windows-x86_64 | 0.1.2 | 8.00 | 184.00 | 192.00 | OK | |
r-oldrel-macos-arm64 | 0.1.2 | 79.00 | OK | |||
r-oldrel-macos-x86_64 | 0.1.2 | 139.00 | OK | |||
r-oldrel-windows-x86_64 | 0.1.2 | 9.00 | 250.00 | 259.00 | OK |
Version: 0.1.2
Check: CRAN incoming feasibility
Result: NOTE
Maintainer: ‘Michael Belitz <mbelitz@ufl.edu>’
Package CITATION file contains call(s) to old-style personList() or
as.personList(). Please use c() on person objects instead.
Package CITATION file contains call(s) to old-style citEntry(). Please
use bibentry() instead.
Found the following (possibly) invalid URLs:
URL: doi.org:10.1111/2041-210X.13448
From: DESCRIPTION
Message: Invalid URI scheme
The Description field contains
offset (Belitz et al. 2020 <doi.org:10.1111/2041-210X.13448>.
Please write DOIs as <doi:prefix/suffix>.
Flavors: r-devel-linux-x86_64-debian-clang, r-devel-linux-x86_64-debian-gcc