Last updated on 2024-04-24 01:52:20 CEST.
Flavor | Version | Tinstall | Tcheck | Ttotal | Status | Flags |
---|---|---|---|---|---|---|
r-devel-linux-x86_64-debian-clang | 2.1.4 | 15.96 | 297.69 | 313.65 | OK | |
r-devel-linux-x86_64-debian-gcc | 2.1.4 | 9.14 | 208.03 | 217.17 | OK | |
r-devel-linux-x86_64-fedora-clang | 2.1.4 | 376.97 | NOTE | |||
r-devel-linux-x86_64-fedora-gcc | 2.1.4 | 370.62 | NOTE | |||
r-prerel-macos-arm64 | 2.1.4 | 101.00 | NOTE | |||
r-prerel-windows-x86_64 | 2.1.4 | 15.00 | 217.00 | 232.00 | NOTE | |
r-patched-linux-x86_64 | 2.1.4 | 11.85 | 279.27 | 291.12 | OK | |
r-release-linux-x86_64 | 2.1.4 | 7.92 | 279.85 | 287.77 | OK | |
r-release-macos-arm64 | 2.1.4 | 114.00 | NOTE | |||
r-release-macos-x86_64 | 2.1.4 | 226.00 | NOTE | |||
r-release-windows-x86_64 | 2.1.4 | 16.00 | 271.00 | 287.00 | NOTE | |
r-oldrel-macos-arm64 | 2.1.4 | 90.00 | NOTE | |||
r-oldrel-windows-x86_64 | 2.1.4 | 17.00 | 266.00 | 283.00 | NOTE |
Version: 2.1.4
Check: installed package size
Result: NOTE
installed size is 7.3Mb
sub-directories of 1Mb or more:
doc 6.1Mb
Flavors: r-devel-linux-x86_64-fedora-clang, r-prerel-macos-arm64, r-prerel-windows-x86_64, r-release-macos-arm64, r-release-macos-x86_64, r-release-windows-x86_64, r-oldrel-macos-arm64, r-oldrel-windows-x86_64
Version: 2.1.4
Check: data for non-ASCII characters
Result: NOTE
Note: found 13 marked UTF-8 strings
Flavors: r-devel-linux-x86_64-fedora-clang, r-devel-linux-x86_64-fedora-gcc