Last updated on 2025-11-01 01:50:39 CET.
| Flavor | Version | Tinstall | Tcheck | Ttotal | Status | Flags | 
|---|---|---|---|---|---|---|
| r-devel-linux-x86_64-debian-clang | 2.1.5 | 12.29 | 234.71 | 247.00 | NOTE | |
| r-devel-linux-x86_64-debian-gcc | 2.1.5 | 8.06 | 154.79 | 162.85 | NOTE | |
| r-devel-linux-x86_64-fedora-clang | 2.1.5 | 28.00 | 353.03 | 381.03 | NOTE | |
| r-devel-linux-x86_64-fedora-gcc | 2.1.5 | 84.00 | 334.79 | 418.79 | NOTE | |
| r-devel-windows-x86_64 | 2.1.5 | 14.00 | 218.00 | 232.00 | NOTE | |
| r-patched-linux-x86_64 | 2.1.5 | 10.24 | 223.75 | 233.99 | NOTE | |
| r-release-linux-x86_64 | 2.1.5 | 11.23 | 224.73 | 235.96 | NOTE | |
| r-release-macos-arm64 | 2.1.5 | 4.00 | 92.00 | 96.00 | NOTE | |
| r-release-macos-x86_64 | 2.1.5 | 15.00 | 338.00 | 353.00 | NOTE | |
| r-release-windows-x86_64 | 2.1.5 | 17.00 | 223.00 | 240.00 | NOTE | |
| r-oldrel-macos-arm64 | 2.1.5 | 4.00 | 105.00 | 109.00 | NOTE | |
| r-oldrel-macos-x86_64 | 2.1.5 | 8.00 | 146.00 | 154.00 | NOTE | |
| r-oldrel-windows-x86_64 | 2.1.5 | 19.00 | 290.00 | 309.00 | NOTE | 
Version: 2.1.5
Check: DESCRIPTION meta-information
Result: NOTE
    Missing dependency on R >= 4.1.0 because package code uses the pipe
    |> or function shorthand \(...) syntax added in R 4.1.0.
    File(s) using such syntax:
      ‘bake-par.R’ ‘bake.R’ ‘calculated-parameters.R’ ‘conductance.R’
      ‘constants.R’ ‘enviro-par.R’ ‘fit_aq_response.R’
      ‘fit_aq_response2.Rd’ ‘fit_photosynthesis.R’ ‘fit_r_light.R’
      ‘fit_r_light2.Rd’ ‘leaf-par.R’ ‘make_parameters.R’ ‘models.R’
      ‘parameter_names.R’ ‘photosynthesis.R’ ‘read_licor.R’
      ‘simulate_error.R’ ‘simulate_error.Rd’ ‘utils.R’
Flavors: r-devel-linux-x86_64-debian-clang, r-devel-linux-x86_64-debian-gcc, r-devel-linux-x86_64-fedora-clang, r-devel-linux-x86_64-fedora-gcc, r-devel-windows-x86_64, r-patched-linux-x86_64, r-release-linux-x86_64, r-release-macos-arm64, r-release-windows-x86_64
Version: 2.1.5
Check: Rd files
Result: NOTE
  checkRd: (-1) photosynthesis.Rd:135-145: Only 2 columns allowed in this table (row 2 has 1)
Flavors: r-devel-linux-x86_64-debian-clang, r-devel-linux-x86_64-debian-gcc, r-devel-linux-x86_64-fedora-clang, r-devel-linux-x86_64-fedora-gcc
Version: 2.1.5
Check: DESCRIPTION meta-information
Result: NOTE
    Missing dependency on R >= 4.1.0 because package code uses the pipe
    |> or function shorthand \(...) syntax added in R 4.1.0.
    File(s) using such syntax:
      ‘bake-par.R’ ‘bake.R’ ‘calculated-parameters.R’ ‘conductance.R’
      ‘constants.R’ ‘enviro-par.R’ ‘fit_aq_response.R’
      ‘fit_photosynthesis.R’ ‘fit_r_light.R’ ‘leaf-par.R’
      ‘make_parameters.R’ ‘models.R’ ‘parameter_names.R’ ‘photosynthesis.R’
      ‘read_licor.R’ ‘simulate_error.R’ ‘utils.R’
Flavor: r-release-macos-x86_64
Version: 2.1.5
Check: installed package size
Result: NOTE
    installed size is  7.3Mb
    sub-directories of 1Mb or more:
      doc   6.2Mb
Flavors: r-oldrel-macos-arm64, r-oldrel-macos-x86_64, r-oldrel-windows-x86_64