Last updated on 2024-04-24 01:52:20 CEST.
Flavor | Version | Tinstall | Tcheck | Ttotal | Status | Flags |
---|---|---|---|---|---|---|
r-devel-linux-x86_64-debian-clang | 2.6.2 | 9.60 | 72.75 | 82.35 | NOTE | |
r-devel-linux-x86_64-debian-gcc | 2.6.2 | 7.59 | 53.41 | 61.00 | NOTE | |
r-devel-linux-x86_64-fedora-clang | 2.6.2 | 104.36 | NOTE | |||
r-devel-linux-x86_64-fedora-gcc | 2.6.2 | 96.76 | NOTE | |||
r-prerel-macos-arm64 | 2.6.2 | 33.00 | NOTE | |||
r-prerel-windows-x86_64 | 2.6.2 | 12.00 | 76.00 | 88.00 | NOTE | |
r-patched-linux-x86_64 | 2.6.2 | 11.10 | 67.89 | 78.99 | NOTE | |
r-release-linux-x86_64 | 2.6.2 | 8.31 | 68.11 | 76.42 | NOTE | |
r-release-macos-arm64 | 2.6.2 | 35.00 | NOTE | |||
r-release-macos-x86_64 | 2.6.2 | 54.00 | NOTE | |||
r-release-windows-x86_64 | 2.6.2 | 15.00 | 85.00 | 100.00 | NOTE | |
r-oldrel-macos-arm64 | 2.6.2 | 32.00 | OK | |||
r-oldrel-windows-x86_64 | 2.6.2 | 13.00 | 90.00 | 103.00 | OK |
Version: 2.6.2
Check: C++ specification
Result: NOTE
Specified C++11: please drop specification unless essential
Flavors: r-devel-linux-x86_64-debian-clang, r-devel-linux-x86_64-debian-gcc, r-devel-linux-x86_64-fedora-clang, r-devel-linux-x86_64-fedora-gcc, r-prerel-macos-arm64, r-prerel-windows-x86_64, r-patched-linux-x86_64, r-release-linux-x86_64, r-release-macos-arm64, r-release-macos-x86_64, r-release-windows-x86_64
Version: 2.6.2
Check: Rd cross-references
Result: NOTE
Undeclared packages ‘future’, ‘geiger’, ‘caper’ in Rd xrefs
Flavor: r-devel-linux-x86_64-fedora-clang