Last updated on 2024-04-19 01:58:53 CEST.
Flavor | Version | Tinstall | Tcheck | Ttotal | Status | Flags |
---|---|---|---|---|---|---|
r-devel-linux-x86_64-debian-clang | 0.1.1 | 27.50 | 286.66 | 314.16 | OK | |
r-devel-linux-x86_64-debian-gcc | 0.1.1 | 21.90 | 205.26 | 227.16 | OK | |
r-devel-linux-x86_64-fedora-clang | 0.1.1 | 411.04 | NOTE | |||
r-devel-linux-x86_64-fedora-gcc | 0.1.1 | 413.93 | OK | |||
r-prerel-macos-arm64 | 0.1.1 | 105.00 | OK | |||
r-prerel-macos-x86_64 | 0.1.1 | 303.00 | OK | |||
r-prerel-windows-x86_64 | 0.1.1 | 24.00 | 191.00 | 215.00 | OK | |
r-patched-linux-x86_64 | 0.1.1 | 25.41 | 270.56 | 295.97 | OK | |
r-release-linux-x86_64 | 0.1.1 | 20.23 | 284.55 | 304.78 | OK | |
r-release-macos-arm64 | 0.1.1 | 11.00 | ERROR | |||
r-release-macos-x86_64 | 0.1.1 | 6.00 | ERROR | |||
r-release-windows-x86_64 | 0.1.1 | 33.00 | 252.00 | 285.00 | OK | |
r-oldrel-macos-arm64 | 0.1.1 | 113.00 | OK | |||
r-oldrel-windows-x86_64 | 0.1.1 | 35.00 | 244.00 | 279.00 | OK |
Version: 0.1.1
Check: Rd cross-references
Result: NOTE
Undeclared package ‘network’ in Rd xrefs
Flavor: r-devel-linux-x86_64-fedora-clang
Version: 0.1.1
Check: package dependencies
Result: ERROR
Package required but not available: ‘phyloseq’
See section ‘The DESCRIPTION file’ in the ‘Writing R Extensions’
manual.
Flavors: r-release-macos-arm64, r-release-macos-x86_64