Last updated on 2025-05-25 01:49:52 CEST.
Flavor | Version | Tinstall | Tcheck | Ttotal | Status | Flags |
---|---|---|---|---|---|---|
r-devel-linux-x86_64-debian-clang | 1.3.1 | 38.17 | 279.68 | 317.85 | NOTE | |
r-devel-linux-x86_64-debian-gcc | 1.3.1 | 27.04 | 180.19 | 207.23 | NOTE | |
r-devel-linux-x86_64-fedora-clang | 1.3.1 | 507.48 | OK | |||
r-devel-linux-x86_64-fedora-gcc | 1.3.1 | 510.11 | OK | |||
r-devel-windows-x86_64 | 1.3.1 | 42.00 | 260.00 | 302.00 | OK | |
r-patched-linux-x86_64 | 1.3.1 | 33.91 | 261.01 | 294.92 | OK | |
r-release-linux-x86_64 | 1.3.1 | 36.13 | 263.56 | 299.69 | OK | |
r-release-macos-arm64 | 1.3.1 | 133.00 | OK | |||
r-release-macos-x86_64 | 1.3.1 | 235.00 | OK | |||
r-release-windows-x86_64 | 1.3.1 | 44.00 | 265.00 | 309.00 | OK | |
r-oldrel-macos-arm64 | 1.3.1 | 121.00 | OK | |||
r-oldrel-macos-x86_64 | 1.3.1 | 201.00 | OK | |||
r-oldrel-windows-x86_64 | 1.3.1 | 52.00 | 340.00 | 392.00 | OK |
Version: 1.3.1
Check: CRAN incoming feasibility
Result: NOTE
Maintainer: ‘Francois Keck <francois.keck@gmail.com>’
No Authors@R field in DESCRIPTION.
Please add one, modifying
Authors@R: person(given = "Francois",
family = "Keck",
role = c("aut", "cre"),
email = "francois.keck@gmail.com")
as necessary.
Flavors: r-devel-linux-x86_64-debian-clang, r-devel-linux-x86_64-debian-gcc