Last updated on 2024-08-16 01:48:26 CEST.
Flavor | Version | Tinstall | Tcheck | Ttotal | Status | Flags |
---|---|---|---|---|---|---|
r-devel-linux-x86_64-debian-clang | 1.13.10 | 25.70 | 135.45 | 161.15 | OK | |
r-devel-linux-x86_64-debian-gcc | 1.13.10 | 15.01 | 88.08 | 103.09 | OK | |
r-devel-linux-x86_64-fedora-clang | 1.13.10 | 256.61 | NOTE | |||
r-devel-linux-x86_64-fedora-gcc | 1.13.10 | 239.24 | NOTE | |||
r-devel-windows-x86_64 | 1.13.10 | 25.00 | 131.00 | 156.00 | OK | |
r-patched-linux-x86_64 | 1.13.10 | 25.68 | 125.73 | 151.41 | OK | |
r-release-linux-x86_64 | 1.13.10 | 23.24 | 128.54 | 151.78 | OK | |
r-release-macos-arm64 | 1.13.10 | 60.00 | OK | |||
r-release-macos-x86_64 | 1.13.10 | 101.00 | OK | |||
r-release-windows-x86_64 | 1.13.10 | 27.00 | 128.00 | 155.00 | OK | |
r-oldrel-macos-arm64 | 1.13.10 | 71.00 | OK | |||
r-oldrel-macos-x86_64 | 1.13.10 | 126.00 | OK | |||
r-oldrel-windows-x86_64 | 1.13.10 | 35.00 | 163.00 | 198.00 | OK |
Version: 1.13.10
Check: data for non-ASCII characters
Result: NOTE
Note: found 3 marked UTF-8 strings
Flavors: r-devel-linux-x86_64-fedora-clang, r-devel-linux-x86_64-fedora-gcc