CRAN Package Check Results for Package pipeliner

Last updated on 2022-06-27 01:49:58 CEST.

Flavor Version Tinstall Tcheck Ttotal Status Flags
r-devel-linux-x86_64-debian-clang 0.1.1 2.32 32.13 34.45 NOTE
r-devel-linux-x86_64-debian-gcc 0.1.1 1.80 24.29 26.09 NOTE
r-devel-linux-x86_64-fedora-clang 0.1.1 52.22 NOTE
r-devel-linux-x86_64-fedora-gcc 0.1.1 50.19 NOTE
r-devel-windows-x86_64 0.1.1 28.00 60.00 88.00 NOTE
r-patched-linux-x86_64 0.1.1 2.13 30.86 32.99 NOTE
r-release-linux-x86_64 0.1.1 2.05 31.17 33.22 NOTE
r-release-macos-arm64 0.1.1 20.00 NOTE
r-release-macos-x86_64 0.1.1 26.00 NOTE
r-release-windows-x86_64 0.1.1 22.00 63.00 85.00 NOTE
r-oldrel-macos-arm64 0.1.1 22.00 NOTE
r-oldrel-macos-x86_64 0.1.1 33.00 NOTE
r-oldrel-windows-ix86+x86_64 0.1.1 5.00 54.00 59.00 NOTE

Check Details

Version: 0.1.1
Check: LazyData
Result: NOTE
     'LazyData' is specified without a 'data' directory
Flavors: r-devel-linux-x86_64-debian-clang, r-devel-linux-x86_64-debian-gcc, r-devel-linux-x86_64-fedora-clang, r-devel-linux-x86_64-fedora-gcc, r-devel-windows-x86_64, r-patched-linux-x86_64, r-release-linux-x86_64, r-release-macos-arm64, r-release-macos-x86_64, r-release-windows-x86_64, r-oldrel-macos-arm64, r-oldrel-macos-x86_64, r-oldrel-windows-ix86+x86_64