Last updated on 2024-05-03 01:51:27 CEST.
Flavor | Version | Tinstall | Tcheck | Ttotal | Status | Flags |
---|---|---|---|---|---|---|
r-devel-linux-x86_64-debian-clang | 0.9.4 | 7.93 | 116.11 | 124.04 | NOTE | |
r-devel-linux-x86_64-debian-gcc | 0.9.4 | 6.55 | 82.49 | 89.04 | NOTE | |
r-devel-linux-x86_64-fedora-clang | 0.9.4 | 150.68 | NOTE | |||
r-devel-linux-x86_64-fedora-gcc | 0.9.4 | 155.14 | NOTE | |||
r-devel-windows-x86_64 | 0.9.4 | 9.00 | 106.00 | 115.00 | NOTE | |
r-patched-linux-x86_64 | 0.9.4 | 6.87 | 108.55 | 115.42 | NOTE | |
r-release-linux-x86_64 | 0.9.4 | 5.22 | 108.35 | 113.57 | NOTE | |
r-release-macos-arm64 | 0.9.4 | 45.00 | NOTE | |||
r-release-windows-x86_64 | 0.9.4 | 8.00 | 106.00 | 114.00 | NOTE | |
r-oldrel-macos-arm64 | 0.9.4 | 50.00 | OK | |||
r-oldrel-macos-x86_64 | 0.9.4 | 117.00 | OK | |||
r-oldrel-windows-x86_64 | 0.9.4 | 10.00 | 121.00 | 131.00 | OK |
Version: 0.9.4
Check: Rd files
Result: NOTE
checkRd: (-1) sprinkle_colnames.Rd:26-28: Lost braces in \itemize; meant \describe ?
checkRd: (-1) sprinkle_colnames.Rd:29-31: Lost braces in \itemize; meant \describe ?
checkRd: (-1) tidy_levels_labels.Rd:62: Lost braces in \itemize; meant \describe ?
checkRd: (-1) tidy_levels_labels.Rd:63-68: Lost braces in \itemize; meant \describe ?
checkRd: (-1) tidy_levels_labels.Rd:69-73: Lost braces in \itemize; meant \describe ?
checkRd: (-1) tidy_levels_labels.Rd:74-77: Lost braces in \itemize; meant \describe ?
checkRd: (-1) tidy_levels_labels.Rd:78-83: Lost braces in \itemize; meant \describe ?
Flavors: r-devel-linux-x86_64-debian-clang, r-devel-linux-x86_64-debian-gcc, r-devel-linux-x86_64-fedora-clang, r-devel-linux-x86_64-fedora-gcc, r-devel-windows-x86_64, r-patched-linux-x86_64, r-release-linux-x86_64, r-release-macos-arm64, r-release-windows-x86_64
Version: 0.9.4
Check: Rd cross-references
Result: NOTE
Undeclared package ‘Hmisc’ in Rd xrefs
Flavor: r-devel-linux-x86_64-fedora-clang