Last updated on 2023-03-22 01:50:08 CET.
Flavor | Version | Tinstall | Tcheck | Ttotal | Status | Flags |
---|---|---|---|---|---|---|
r-devel-linux-x86_64-debian-clang | 2.0.7 | 10.36 | 160.62 | 170.98 | OK | |
r-devel-linux-x86_64-debian-gcc | 2.0.7 | 8.89 | 122.50 | 131.39 | OK | |
r-devel-linux-x86_64-fedora-clang | 2.0.7 | 210.28 | NOTE | |||
r-devel-linux-x86_64-fedora-gcc | 2.0.7 | 208.61 | OK | |||
r-patched-linux-x86_64 | 2.0.7 | 11.35 | 154.16 | 165.51 | OK | |
r-release-linux-x86_64 | 2.0.7 | 12.18 | 153.14 | 165.32 | OK | |
r-release-macos-arm64 | 2.0.7 | 120.00 | OK | |||
r-release-macos-x86_64 | 2.0.7 | 122.00 | OK | |||
r-release-windows-x86_64 | 2.0.7 | 185.00 | 250.00 | 435.00 | OK | |
r-oldrel-macos-arm64 | 2.0.7 | 119.00 | OK | |||
r-oldrel-macos-x86_64 | 2.0.7 | 123.00 | OK | |||
r-oldrel-windows-ix86+x86_64 | 2.0.7 | 20.00 | 218.00 | 238.00 | OK |
Version: 2.0.7
Check: Rd cross-references
Result: NOTE
Undeclared package ‘usethis’ in Rd xrefs
Flavor: r-devel-linux-x86_64-fedora-clang