CRAN Package Check Results for Package plgp

Last updated on 2023-06-03 01:51:26 CEST.

Flavor Version Tinstall Tcheck Ttotal Status Flags
r-devel-linux-x86_64-debian-clang 1.1-12 8.31 37.12 45.43 OK
r-devel-linux-x86_64-debian-gcc 1.1-12 6.36 29.10 35.46 OK
r-devel-linux-x86_64-fedora-clang 1.1-12 58.71 OK
r-devel-linux-x86_64-fedora-gcc 1.1-12 55.53 OK
r-devel-windows-x86_64 1.1-12 13.00 52.00 65.00 OK
r-patched-linux-x86_64 1.1-12 OK
r-release-linux-x86_64 1.1-12 6.45 36.25 42.70 OK
r-release-macos-arm64 1.1-12 23.00 OK
r-release-macos-x86_64 1.1-12 31.00 NOTE
r-release-windows-x86_64 1.1-12 14.00 57.00 71.00 OK
r-oldrel-macos-arm64 1.1-12 22.00 OK
r-oldrel-macos-x86_64 1.1-12 28.00 OK
r-oldrel-windows-x86_64 1.1-12 13.00 58.00 71.00 OK

Check Details

Version: 1.1-12
Check: package dependencies
Result: NOTE
    Package suggested but not available for checking: ‘ellipse’
Flavor: r-release-macos-x86_64