Last updated on 2024-08-16 01:48:26 CEST.
Flavor | Version | Tinstall | Tcheck | Ttotal | Status | Flags |
---|---|---|---|---|---|---|
r-devel-linux-x86_64-debian-clang | 2.1.0 | 72.01 | 299.03 | 371.04 | NOTE | |
r-devel-linux-x86_64-debian-gcc | 2.1.0 | 45.56 | 190.65 | 236.21 | NOTE | |
r-devel-linux-x86_64-fedora-clang | 2.1.0 | 597.58 | NOTE | |||
r-devel-linux-x86_64-fedora-gcc | 2.1.0 | 576.36 | NOTE | |||
r-devel-windows-x86_64 | 2.1.0 | 75.00 | 309.00 | 384.00 | NOTE | |
r-patched-linux-x86_64 | 2.1.0 | 68.82 | 279.04 | 347.86 | NOTE | |
r-release-linux-x86_64 | 2.1.0 | 66.74 | 283.75 | 350.49 | NOTE | |
r-release-macos-arm64 | 2.1.0 | 125.00 | OK | |||
r-release-macos-x86_64 | 2.1.0 | 206.00 | OK | |||
r-release-windows-x86_64 | 2.1.0 | 76.00 | 309.00 | 385.00 | NOTE | |
r-oldrel-macos-arm64 | 2.1.0 | 139.00 | OK | |||
r-oldrel-macos-x86_64 | 2.1.0 | 335.00 | OK | |||
r-oldrel-windows-x86_64 | 2.1.0 | 92.00 | 403.00 | 495.00 | OK |
Version: 2.1.0
Check: HTML version of manual
Result: NOTE
Found the following HTML validation problems:
efourier_power.html:100:1 (efourier_power.Rd:35): Warning: trimming empty <li>
Flavors: r-devel-linux-x86_64-debian-clang, r-devel-linux-x86_64-debian-gcc, r-devel-linux-x86_64-fedora-clang, r-devel-linux-x86_64-fedora-gcc, r-devel-windows-x86_64, r-patched-linux-x86_64, r-release-linux-x86_64, r-release-windows-x86_64