Last updated on 2024-04-24 01:52:20 CEST.
Flavor | Version | Tinstall | Tcheck | Ttotal | Status | Flags |
---|---|---|---|---|---|---|
r-devel-linux-x86_64-debian-clang | 2.1.0 | 90.90 | 401.88 | 492.78 | NOTE | |
r-devel-linux-x86_64-debian-gcc | 2.1.0 | 73.95 | 281.55 | 355.50 | NOTE | |
r-devel-linux-x86_64-fedora-clang | 2.1.0 | 616.94 | NOTE | |||
r-devel-linux-x86_64-fedora-gcc | 2.1.0 | 590.36 | NOTE | |||
r-prerel-macos-arm64 | 2.1.0 | 125.00 | OK | |||
r-prerel-windows-x86_64 | 2.1.0 | 79.00 | 298.00 | 377.00 | NOTE | |
r-patched-linux-x86_64 | 2.1.0 | 91.20 | 380.56 | 471.76 | NOTE | |
r-release-linux-x86_64 | 2.1.0 | 90.61 | 375.23 | 465.84 | OK | |
r-release-macos-arm64 | 2.1.0 | 139.00 | OK | |||
r-release-macos-x86_64 | 2.1.0 | 335.00 | OK | |||
r-release-windows-x86_64 | 2.1.0 | 104.00 | 413.00 | 517.00 | OK | |
r-oldrel-macos-arm64 | 2.1.0 | 139.00 | OK | |||
r-oldrel-windows-x86_64 | 2.1.0 | 104.00 | 362.00 | 466.00 | OK |
Version: 2.1.0
Check: HTML version of manual
Result: NOTE
Found the following HTML validation problems:
efourier_power.html:100:1 (efourier_power.Rd:35): Warning: trimming empty <li>
Flavors: r-devel-linux-x86_64-debian-clang, r-devel-linux-x86_64-debian-gcc, r-devel-linux-x86_64-fedora-clang, r-devel-linux-x86_64-fedora-gcc, r-prerel-windows-x86_64, r-patched-linux-x86_64