Last updated on 2024-03-29 01:51:13 CET.
Flavor | Version | Tinstall | Tcheck | Ttotal | Status | Flags |
---|---|---|---|---|---|---|
r-devel-linux-x86_64-debian-clang | 2.6-3 | 23.06 | 225.88 | 248.94 | OK | |
r-devel-linux-x86_64-debian-gcc | 2.6-3 | 17.60 | 167.04 | 184.64 | OK | |
r-devel-linux-x86_64-fedora-clang | 2.6-3 | 330.81 | NOTE | |||
r-devel-linux-x86_64-fedora-gcc | 2.6-3 | 321.74 | OK | |||
r-devel-windows-x86_64 | 2.6-3 | 22.00 | 194.00 | 216.00 | NOTE | |
r-patched-linux-x86_64 | 2.6-3 | 25.07 | 221.03 | 246.10 | OK | |
r-release-linux-x86_64 | 2.6-3 | 25.21 | 221.99 | 247.20 | OK | |
r-release-macos-arm64 | 2.6-3 | 88.00 | NOTE | |||
r-release-macos-x86_64 | 2.6-3 | 200.00 | NOTE | |||
r-release-windows-x86_64 | 2.6-3 | 30.00 | 242.00 | 272.00 | NOTE | |
r-oldrel-macos-arm64 | 2.6-3 | 81.00 | NOTE | |||
r-oldrel-windows-x86_64 | 2.6-3 | 31.00 | 223.00 | 254.00 | NOTE |
Version: 2.6-3
Check: installed package size
Result: NOTE
installed size is 5.7Mb
sub-directories of 1Mb or more:
tests 3.1Mb
Flavors: r-devel-linux-x86_64-fedora-clang, r-devel-windows-x86_64, r-release-macos-arm64, r-release-macos-x86_64, r-release-windows-x86_64, r-oldrel-macos-arm64, r-oldrel-windows-x86_64