CRAN Package Check Results for Package plothelper

Last updated on 2022-07-04 02:53:38 CEST.

Flavor Version Tinstall Tcheck Ttotal Status Flags
r-devel-linux-x86_64-debian-clang 0.1.9 8.98 78.42 87.40 NOTE
r-devel-linux-x86_64-debian-gcc 0.1.9 7.36 58.55 65.91 NOTE
r-devel-linux-x86_64-fedora-clang 0.1.9 115.77 NOTE
r-devel-linux-x86_64-fedora-gcc 0.1.9 111.76 NOTE
r-devel-windows-x86_64 0.1.9 46.00 101.00 147.00 NOTE
r-patched-linux-x86_64 0.1.9 9.61 72.81 82.42 NOTE
r-release-linux-x86_64 0.1.9 9.45 72.36 81.81 NOTE
r-release-macos-arm64 0.1.9 29.00 NOTE
r-release-macos-x86_64 0.1.9 58.00 NOTE
r-release-windows-x86_64 0.1.9 56.00 104.00 160.00 NOTE
r-oldrel-macos-arm64 0.1.9 39.00 NOTE
r-oldrel-macos-x86_64 0.1.9 59.00 NOTE
r-oldrel-windows-ix86+x86_64 0.1.9 22.00 95.00 117.00 NOTE

Check Details

Version: 0.1.9
Check: LazyData
Result: NOTE
     'LazyData' is specified without a 'data' directory
Flavors: r-devel-linux-x86_64-debian-clang, r-devel-linux-x86_64-debian-gcc, r-devel-linux-x86_64-fedora-clang, r-devel-linux-x86_64-fedora-gcc, r-devel-windows-x86_64, r-patched-linux-x86_64, r-release-linux-x86_64, r-release-macos-arm64, r-release-macos-x86_64, r-release-windows-x86_64, r-oldrel-macos-arm64, r-oldrel-macos-x86_64, r-oldrel-windows-ix86+x86_64