CRAN Package Check Results for Package plotly

Last updated on 2022-01-20 01:50:44 CET.

Flavor Version Tinstall Tcheck Ttotal Status Flags
r-devel-linux-x86_64-debian-clang 4.10.0 OK
r-devel-linux-x86_64-debian-gcc 4.10.0 15.92 184.47 200.39 OK
r-devel-linux-x86_64-fedora-clang 4.10.0 309.10 NOTE
r-devel-linux-x86_64-fedora-gcc 4.10.0 296.62 OK
r-devel-windows-x86_64-new-UL 4.10.0 1101.00 354.00 1455.00 NOTE
r-devel-windows-x86_64-new-TK 4.10.0 OK
r-patched-linux-x86_64 4.10.0 16.52 238.24 254.76 OK
r-release-linux-x86_64 4.10.0 OK
r-release-macos-arm64 4.10.0 NOTE
r-release-macos-x86_64 4.10.0 NOTE
r-release-windows-ix86+x86_64 4.10.0 33.00 282.00 315.00 NOTE
r-oldrel-macos-x86_64 4.10.0 NOTE
r-oldrel-windows-ix86+x86_64 4.10.0 34.00 284.00 318.00 NOTE

Check Details

Version: 4.10.0
Check: installed package size
Result: NOTE
     installed size is 7.1Mb
     sub-directories of 1Mb or more:
     htmlwidgets 4.0Mb
Flavors: r-devel-linux-x86_64-fedora-clang, r-devel-windows-x86_64-new-UL, r-release-macos-arm64, r-release-macos-x86_64, r-release-windows-ix86+x86_64, r-oldrel-macos-x86_64, r-oldrel-windows-ix86+x86_64