CRAN Package Check Results for Package pointr

Last updated on 2025-10-25 01:51:12 CEST.

Flavor Version Tinstall Tcheck Ttotal Status Flags
r-devel-linux-x86_64-debian-clang 0.2.0 1.67 19.70 21.37 OK
r-devel-linux-x86_64-debian-gcc 0.2.0 1.38 16.83 18.21 OK
r-devel-linux-x86_64-fedora-clang 0.2.0 29.62 OK
r-devel-linux-x86_64-fedora-gcc 0.2.0 28.82 OK
r-devel-windows-x86_64 0.2.0 3.00 37.00 40.00 OK
r-patched-linux-x86_64 0.2.0 1.64 17.79 19.43 OK
r-release-linux-x86_64 0.2.0 1.65 17.68 19.33 OK
r-release-macos-arm64 0.2.0 2.00 16.00 18.00 OK
r-release-macos-x86_64 0.2.0 2.00 21.00 23.00 OK
r-release-windows-x86_64 0.2.0 4.00 39.00 43.00 OK
r-oldrel-macos-arm64 0.2.0 1.00 14.00 15.00 NOTE
r-oldrel-macos-x86_64 0.2.0 1.00 19.00 20.00 NOTE
r-oldrel-windows-x86_64 0.2.0 4.00 45.00 49.00 NOTE

Check Details

Version: 0.2.0
Check: LazyData
Result: NOTE 'LazyData' is specified without a 'data' directory Flavors: r-oldrel-macos-arm64, r-oldrel-macos-x86_64, r-oldrel-windows-x86_64