Last updated on 2025-11-15 03:50:21 CET.
| Flavor | Version | Tinstall | Tcheck | Ttotal | Status | Flags |
|---|---|---|---|---|---|---|
| r-devel-linux-x86_64-debian-clang | 2.0.0 | 2.08 | 25.21 | 27.29 | NOTE | |
| r-devel-linux-x86_64-debian-gcc | 2.0.0 | 1.61 | 20.13 | 21.74 | NOTE | |
| r-devel-linux-x86_64-fedora-clang | 2.0.0 | 41.38 | NOTE | |||
| r-devel-linux-x86_64-fedora-gcc | 2.0.0 | 38.65 | NOTE | |||
| r-devel-windows-x86_64 | 2.0.0 | 5.00 | 43.00 | 48.00 | NOTE | |
| r-patched-linux-x86_64 | 2.0.0 | 2.10 | 23.96 | 26.06 | NOTE | |
| r-release-linux-x86_64 | 2.0.0 | 2.05 | 24.09 | 26.14 | NOTE | |
| r-release-macos-arm64 | 2.0.0 | 1.00 | 16.00 | 17.00 | NOTE | |
| r-release-macos-x86_64 | 2.0.0 | 2.00 | 26.00 | 28.00 | NOTE | |
| r-release-windows-x86_64 | 2.0.0 | 3.00 | 47.00 | 50.00 | NOTE | |
| r-oldrel-macos-arm64 | 2.0.0 | 1.00 | 17.00 | 18.00 | NOTE | |
| r-oldrel-macos-x86_64 | 2.0.0 | 2.00 | 22.00 | 24.00 | NOTE | |
| r-oldrel-windows-x86_64 | 2.0.0 | 3.00 | 50.00 | 53.00 | NOTE |
Version: 2.0.0
Check: Rd files
Result: NOTE
checkRd: (-1) pois.fe.robust.Rd:47: Lost braces in \itemize; meant \describe ?
checkRd: (-1) pois.fe.robust.Rd:48: Lost braces in \itemize; meant \describe ?
checkRd: (-1) pois.fe.robust.Rd:49: Lost braces in \itemize; meant \describe ?
checkRd: (-1) pois.fe.robust.Rd:50-51: Lost braces in \itemize; meant \describe ?
checkRd: (-1) pois.fe.robust.Rd:66: Lost braces in \itemize; \value handles \item{}{} directly
checkRd: (-1) pois.fe.robust.Rd:67: Lost braces in \itemize; \value handles \item{}{} directly
checkRd: (-1) pois.fe.robust.Rd:68-69: Lost braces in \itemize; \value handles \item{}{} directly
Flavors: r-devel-linux-x86_64-debian-clang, r-devel-linux-x86_64-debian-gcc, r-devel-linux-x86_64-fedora-clang, r-devel-linux-x86_64-fedora-gcc, r-devel-windows-x86_64, r-patched-linux-x86_64, r-release-linux-x86_64, r-release-macos-arm64, r-release-macos-x86_64, r-release-windows-x86_64, r-oldrel-macos-arm64, r-oldrel-macos-x86_64, r-oldrel-windows-x86_64