Last updated on 2024-04-18 01:55:28 CEST.
Flavor | Version | Tinstall | Tcheck | Ttotal | Status | Flags |
---|---|---|---|---|---|---|
r-devel-linux-x86_64-debian-clang | 0.8.1 | 13.38 | 96.57 | 109.95 | OK | |
r-devel-linux-x86_64-debian-gcc | 0.8.1 | 9.01 | 71.64 | 80.65 | OK | |
r-devel-linux-x86_64-fedora-clang | 0.8.1 | 142.52 | NOTE | |||
r-devel-linux-x86_64-fedora-gcc | 0.8.1 | 146.68 | OK | |||
r-prerel-macos-arm64 | 0.8.1 | 46.00 | OK | |||
r-prerel-windows-x86_64 | 0.8.1 | 14.00 | 93.00 | 107.00 | OK | |
r-patched-linux-x86_64 | 0.8.1 | 12.70 | 92.24 | 104.94 | OK | |
r-release-linux-x86_64 | 0.8.1 | 7.17 | 89.70 | 96.87 | OK | |
r-release-macos-arm64 | 0.8.1 | 45.00 | OK | |||
r-release-macos-x86_64 | 0.8.1 | 64.00 | OK | |||
r-release-windows-x86_64 | 0.8.1 | 15.00 | 110.00 | 125.00 | OK | |
r-oldrel-macos-arm64 | 0.8.1 | 37.00 | OK | |||
r-oldrel-windows-x86_64 | 0.8.1 | 16.00 | 106.00 | 122.00 | OK |
Version: 0.8.1
Check: package dependencies
Result: NOTE
Imports includes 25 non-default packages.
Importing from so many packages makes the package vulnerable to any of
them becoming unavailable. Move as many as possible to Suggests and
use conditionally.
Flavor: r-devel-linux-x86_64-fedora-clang