Last updated on 2024-08-16 01:48:26 CEST.
Flavor | Version | Tinstall | Tcheck | Ttotal | Status | Flags |
---|---|---|---|---|---|---|
r-devel-linux-x86_64-debian-clang | 0.8.1 | 9.71 | 74.47 | 84.18 | OK | |
r-devel-linux-x86_64-debian-gcc | 0.8.1 | 6.53 | 53.93 | 60.46 | OK | |
r-devel-linux-x86_64-fedora-clang | 0.8.1 | 137.15 | NOTE | |||
r-devel-linux-x86_64-fedora-gcc | 0.8.1 | 139.94 | OK | |||
r-devel-windows-x86_64 | 0.8.1 | 12.00 | 93.00 | 105.00 | OK | |
r-patched-linux-x86_64 | 0.8.1 | 10.67 | 70.66 | 81.33 | OK | |
r-release-linux-x86_64 | 0.8.1 | 10.38 | 70.11 | 80.49 | OK | |
r-release-macos-arm64 | 0.8.1 | 46.00 | OK | |||
r-release-macos-x86_64 | 0.8.1 | 68.00 | OK | |||
r-release-windows-x86_64 | 0.8.1 | 13.00 | 93.00 | 106.00 | OK | |
r-oldrel-macos-arm64 | 0.8.1 | 45.00 | OK | |||
r-oldrel-macos-x86_64 | 0.8.1 | 64.00 | OK | |||
r-oldrel-windows-x86_64 | 0.8.1 | 16.00 | 110.00 | 126.00 | OK |
Version: 0.8.1
Check: package dependencies
Result: NOTE
Imports includes 25 non-default packages.
Importing from so many packages makes the package vulnerable to any of
them becoming unavailable. Move as many as possible to Suggests and
use conditionally.
Flavor: r-devel-linux-x86_64-fedora-clang