Last updated on 2024-04-18 01:55:28 CEST.
Flavor | Version | Tinstall | Tcheck | Ttotal | Status | Flags |
---|---|---|---|---|---|---|
r-devel-linux-x86_64-debian-clang | 0.8.9 | 25.44 | 303.23 | 328.67 | OK | |
r-devel-linux-x86_64-debian-gcc | 0.8.9 | 20.97 | 225.47 | 246.44 | OK | |
r-devel-linux-x86_64-fedora-clang | 0.8.9 | 444.18 | OK | |||
r-devel-linux-x86_64-fedora-gcc | 0.8.9 | 432.42 | OK | |||
r-prerel-macos-arm64 | 0.8.9 | 98.00 | NOTE | |||
r-prerel-windows-x86_64 | 0.8.9 | 27.00 | 241.00 | 268.00 | OK | |
r-patched-linux-x86_64 | 0.8.9 | 28.33 | 295.97 | 324.30 | OK | |
r-release-linux-x86_64 | 0.8.9 | 23.73 | 291.74 | 315.47 | OK | |
r-release-macos-arm64 | 0.8.9 | 195.00 | NOTE | |||
r-release-macos-x86_64 | 0.8.9 | 266.00 | NOTE | |||
r-release-windows-x86_64 | 0.8.9 | 34.00 | 316.00 | 350.00 | OK | |
r-oldrel-macos-arm64 | 0.8.9 | 112.00 | NOTE | |||
r-oldrel-windows-x86_64 | 0.8.9 | 33.00 | 292.00 | 325.00 | OK |
Version: 0.8.9
Check: installed package size
Result: NOTE
installed size is 5.2Mb
sub-directories of 1Mb or more:
R 2.1Mb
extdata 1.9Mb
Flavors: r-prerel-macos-arm64, r-release-macos-arm64, r-release-macos-x86_64, r-oldrel-macos-arm64