Last updated on 2024-04-24 01:52:20 CEST.
Flavor | Version | Tinstall | Tcheck | Ttotal | Status | Flags |
---|---|---|---|---|---|---|
r-devel-linux-x86_64-debian-clang | 2.0.0 | 103.74 | 172.90 | 276.64 | OK | |
r-devel-linux-x86_64-debian-gcc | 2.0.0 | 77.14 | 126.66 | 203.80 | OK | |
r-devel-linux-x86_64-fedora-clang | 2.0.0 | 389.40 | NOTE | |||
r-devel-linux-x86_64-fedora-gcc | 2.0.0 | 377.62 | OK | |||
r-prerel-macos-arm64 | 2.0.0 | 95.00 | NOTE | |||
r-prerel-macos-x86_64 | 2.0.0 | 132.00 | NOTE | |||
r-prerel-windows-x86_64 | 2.0.0 | 76.00 | 177.00 | 253.00 | NOTE | |
r-patched-linux-x86_64 | 2.0.0 | 99.37 | 164.38 | 263.75 | OK | |
r-release-linux-x86_64 | 2.0.0 | 98.36 | 161.74 | 260.10 | OK | |
r-release-macos-arm64 | 2.0.0 | 92.00 | NOTE | |||
r-release-macos-x86_64 | 2.0.0 | 162.00 | NOTE | |||
r-release-windows-x86_64 | 2.0.0 | 69.00 | 212.00 | 281.00 | NOTE | |
r-oldrel-macos-arm64 | 2.0.0 | 84.00 | NOTE | |||
r-oldrel-windows-x86_64 | 2.0.0 | 89.00 | 198.00 | 287.00 | NOTE |
Version: 2.0.0
Check: Rd cross-references
Result: NOTE
Undeclared packages ‘polymapR’, ‘BSgenome’ in Rd xrefs
Flavor: r-devel-linux-x86_64-fedora-clang
Version: 2.0.0
Check: installed package size
Result: NOTE
installed size is 7.1Mb
sub-directories of 1Mb or more:
extdata 2.8Mb
libs 2.8Mb
Flavors: r-prerel-macos-arm64, r-prerel-macos-x86_64, r-prerel-windows-x86_64, r-release-macos-arm64, r-release-macos-x86_64, r-release-windows-x86_64, r-oldrel-macos-arm64, r-oldrel-windows-x86_64
Version: 2.0.0
Check: package dependencies
Result: NOTE
Packages suggested but not available for checking:
'VariantAnnotation', 'GenomicFeatures'
Flavor: r-prerel-macos-x86_64
Version: 2.0.0
Check: Rd cross-references
Result: NOTE
Packages unavailable to check Rd xrefs: ‘BSgenome’, ‘GenomicFeatures’, ‘VariantAnnotation’
Flavor: r-prerel-macos-x86_64
Version: 2.0.0
Check: package dependencies
Result: NOTE
Package suggested but not available for checking: ‘VariantAnnotation’
Flavors: r-release-macos-arm64, r-release-macos-x86_64
Version: 2.0.0
Check: Rd cross-references
Result: NOTE
Package unavailable to check Rd xrefs: ‘VariantAnnotation’
Flavors: r-release-macos-arm64, r-release-macos-x86_64