Last updated on 2024-04-19 01:58:54 CEST.
Flavor | Version | Tinstall | Tcheck | Ttotal | Status | Flags |
---|---|---|---|---|---|---|
r-devel-linux-x86_64-debian-clang | 0.4.11 | 25.12 | 321.68 | 346.80 | NOTE | |
r-devel-linux-x86_64-debian-gcc | 0.4.11 | 18.80 | 242.76 | 261.56 | NOTE | |
r-devel-linux-x86_64-fedora-clang | 0.4.11 | 435.37 | NOTE | |||
r-devel-linux-x86_64-fedora-gcc | 0.4.11 | 428.00 | NOTE | |||
r-prerel-macos-arm64 | 0.4.11 | 110.00 | NOTE | |||
r-prerel-windows-x86_64 | 0.4.11 | 20.00 | 250.00 | 270.00 | NOTE | |
r-patched-linux-x86_64 | 0.4.11 | 32.09 | 449.61 | 481.70 | NOTE | |
r-release-linux-x86_64 | 0.4.11 | 20.19 | 444.95 | 465.14 | OK | |
r-release-macos-arm64 | 0.4.11 | 122.00 | OK | |||
r-release-macos-x86_64 | 0.4.11 | 349.00 | OK | |||
r-release-windows-x86_64 | 0.4.11 | 27.00 | 306.00 | 333.00 | OK | |
r-oldrel-macos-arm64 | 0.4.11 | 117.00 | OK | |||
r-oldrel-windows-x86_64 | 0.4.11 | 29.00 | 281.00 | 310.00 | OK |
Version: 0.4.11
Check: Rd files
Result: NOTE
checkRd: (-1) survmean.Rd:83: Lost braces in \itemize; \value handles \item{}{} directly
checkRd: (-1) survmean.Rd:84: Lost braces in \itemize; \value handles \item{}{} directly
checkRd: (-1) survmean.Rd:85: Lost braces in \itemize; \value handles \item{}{} directly
checkRd: (-1) survmean.Rd:86-88: Lost braces in \itemize; \value handles \item{}{} directly
Flavors: r-devel-linux-x86_64-debian-clang, r-devel-linux-x86_64-debian-gcc, r-devel-linux-x86_64-fedora-clang, r-devel-linux-x86_64-fedora-gcc, r-prerel-macos-arm64, r-prerel-windows-x86_64, r-patched-linux-x86_64