Last updated on 2022-06-26 01:48:57 CEST.
Flavor | Version | Tinstall | Tcheck | Ttotal | Status | Flags |
---|---|---|---|---|---|---|
r-devel-linux-x86_64-debian-clang | 2.9.3 | 36.93 | 255.49 | 292.42 | NOTE | |
r-devel-linux-x86_64-debian-gcc | 2.9.3 | 30.18 | 189.77 | 219.95 | NOTE | |
r-devel-linux-x86_64-fedora-clang | 2.9.3 | 328.44 | NOTE | |||
r-devel-linux-x86_64-fedora-gcc | 2.9.3 | 356.40 | NOTE | |||
r-devel-windows-x86_64 | 2.9.3 | 98.00 | 319.00 | 417.00 | NOTE | |
r-patched-linux-x86_64 | 2.9.3 | 49.09 | 238.20 | 287.29 | NOTE | |
r-release-linux-x86_64 | 2.9.3 | 38.45 | 238.84 | 277.29 | NOTE | |
r-release-macos-arm64 | 2.9.3 | 82.00 | OK | |||
r-release-macos-x86_64 | 2.9.3 | 172.00 | NOTE | |||
r-release-windows-x86_64 | 2.9.3 | 103.00 | 305.00 | 408.00 | OK | |
r-oldrel-macos-arm64 | 2.9.3 | 167.00 | OK | |||
r-oldrel-macos-x86_64 | 2.9.3 | 156.00 | OK | |||
r-oldrel-windows-ix86+x86_64 | 2.9.3 | 77.00 | 401.00 | 478.00 | OK |
Version: 2.9.3
Check: package dependencies
Result: NOTE
Package suggested but not available for checking: 'RClone'
Flavors: r-devel-linux-x86_64-debian-clang, r-devel-linux-x86_64-debian-gcc, r-devel-linux-x86_64-fedora-clang, r-devel-linux-x86_64-fedora-gcc, r-patched-linux-x86_64, r-release-linux-x86_64, r-release-macos-x86_64
Version: 2.9.3
Check: Rd files
Result: NOTE
checkRd: (-1) genetic_distance.Rd:106: Escaped LaTeX specials: \~
Flavors: r-devel-linux-x86_64-debian-clang, r-devel-linux-x86_64-debian-gcc, r-devel-linux-x86_64-fedora-clang, r-devel-linux-x86_64-fedora-gcc, r-devel-windows-x86_64