CRAN Package Check Results for Package postGIStools

Last updated on 2022-07-01 01:49:39 CEST.

Flavor Version Tinstall Tcheck Ttotal Status Flags
r-devel-linux-x86_64-debian-clang 0.2.4 3.47 34.23 37.70 NOTE
r-devel-linux-x86_64-debian-gcc 0.2.4 2.83 27.05 29.88 NOTE
r-devel-linux-x86_64-fedora-clang 0.2.4 56.99 NOTE
r-devel-linux-x86_64-fedora-gcc 0.2.4 55.98 NOTE
r-devel-windows-x86_64 0.2.4 33.00 61.00 94.00 NOTE
r-patched-linux-x86_64 0.2.4 3.31 33.35 36.66 NOTE
r-release-linux-x86_64 0.2.4 3.46 34.42 37.88 NOTE
r-release-macos-arm64 0.2.4 19.00 NOTE
r-release-macos-x86_64 0.2.4 27.00 NOTE
r-release-windows-x86_64 0.2.4 19.00 62.00 81.00 NOTE
r-oldrel-macos-arm64 0.2.4 23.00 NOTE
r-oldrel-macos-x86_64 0.2.4 30.00 NOTE
r-oldrel-windows-ix86+x86_64 0.2.4 8.00 55.00 63.00 NOTE

Check Details

Version: 0.2.4
Check: LazyData
Result: NOTE
     'LazyData' is specified without a 'data' directory
Flavors: r-devel-linux-x86_64-debian-clang, r-devel-linux-x86_64-debian-gcc, r-devel-linux-x86_64-fedora-clang, r-devel-linux-x86_64-fedora-gcc, r-devel-windows-x86_64, r-patched-linux-x86_64, r-release-linux-x86_64, r-release-macos-arm64, r-release-macos-x86_64, r-release-windows-x86_64, r-oldrel-macos-arm64, r-oldrel-macos-x86_64, r-oldrel-windows-ix86+x86_64