Last updated on 2024-05-02 01:57:09 CEST.
Flavor | Version | Tinstall | Tcheck | Ttotal | Status | Flags |
---|---|---|---|---|---|---|
r-devel-linux-x86_64-debian-clang | 0.2.3 | 2.54 | 22.20 | 24.74 | OK | |
r-devel-linux-x86_64-debian-gcc | 0.2.3 | 1.92 | 17.44 | 19.36 | OK | |
r-devel-linux-x86_64-fedora-clang | 0.2.3 | 30.58 | NOTE | |||
r-devel-linux-x86_64-fedora-gcc | 0.2.3 | 29.74 | OK | |||
r-devel-windows-x86_64 | 0.2.3 | 4.00 | 40.00 | 44.00 | OK | |
r-patched-linux-x86_64 | 0.2.3 | 2.55 | 22.09 | 24.64 | OK | |
r-release-linux-x86_64 | 0.2.3 | 2.30 | 21.63 | 23.93 | OK | |
r-release-macos-arm64 | 0.2.3 | 15.00 | OK | |||
r-release-windows-x86_64 | 0.2.3 | 4.00 | 41.00 | 45.00 | OK | |
r-oldrel-macos-arm64 | 0.2.3 | 15.00 | OK | |||
r-oldrel-macos-x86_64 | 0.2.3 | 20.00 | OK | |||
r-oldrel-windows-x86_64 | 0.2.3 | 5.00 | 37.00 | 42.00 | OK |
Version: 0.2.3
Check: Rd cross-references
Result: NOTE
Undeclared package ‘bslib’ in Rd xrefs
Flavor: r-devel-linux-x86_64-fedora-clang