Last updated on 2024-08-16 01:48:26 CEST.
Flavor | Version | Tinstall | Tcheck | Ttotal | Status | Flags |
---|---|---|---|---|---|---|
r-devel-linux-x86_64-debian-clang | 0.5.4 | 3.00 | 39.54 | 42.54 | OK | |
r-devel-linux-x86_64-debian-gcc | 0.5.4 | 2.09 | 30.83 | 32.92 | OK | |
r-devel-linux-x86_64-fedora-clang | 0.5.4 | 69.51 | OK | |||
r-devel-linux-x86_64-fedora-gcc | 0.5.4 | 80.68 | OK | |||
r-devel-windows-x86_64 | 0.5.4 | 4.00 | 67.00 | 71.00 | OK | |
r-patched-linux-x86_64 | 0.5.4 | 2.74 | 37.99 | 40.73 | OK | |
r-release-linux-x86_64 | 0.5.4 | 2.79 | 38.29 | 41.08 | OK | |
r-release-macos-arm64 | 0.5.4 | 33.00 | OK | |||
r-release-macos-x86_64 | 0.5.4 | 55.00 | OK | |||
r-release-windows-x86_64 | 0.5.4 | 4.00 | 66.00 | 70.00 | OK | |
r-oldrel-macos-arm64 | 0.5.4 | 33.00 | OK | |||
r-oldrel-macos-x86_64 | 0.5.4 | 47.00 | NOTE | |||
r-oldrel-windows-x86_64 | 0.5.4 | 5.00 | 70.00 | 75.00 | OK |
Version: 0.5.4
Check: package dependencies
Result: NOTE
Package suggested but not available for checking: ‘rstan’
Flavor: r-oldrel-macos-x86_64
Version: 0.5.4
Check: Rd cross-references
Result: NOTE
Package unavailable to check Rd xrefs: ‘rstan’
Flavor: r-oldrel-macos-x86_64