Last updated on 2024-08-16 01:48:26 CEST.
Flavor | Version | Tinstall | Tcheck | Ttotal | Status | Flags |
---|---|---|---|---|---|---|
r-devel-linux-x86_64-debian-clang | 1.0.1 | 27.91 | 199.25 | 227.16 | NOTE | |
r-devel-linux-x86_64-debian-gcc | 1.0.1 | 19.51 | 135.04 | 154.55 | NOTE | |
r-devel-linux-x86_64-fedora-clang | 1.0.1 | 363.06 | NOTE | |||
r-devel-linux-x86_64-fedora-gcc | 1.0.1 | 352.54 | NOTE | |||
r-devel-windows-x86_64 | 1.0.1 | 30.00 | 187.00 | 217.00 | NOTE | |
r-patched-linux-x86_64 | 1.0.1 | 30.15 | 185.42 | 215.57 | OK | |
r-release-linux-x86_64 | 1.0.1 | 23.73 | 186.87 | 210.60 | OK | |
r-release-macos-arm64 | 1.0.1 | 91.00 | OK | |||
r-release-macos-x86_64 | 1.0.1 | 149.00 | OK | |||
r-release-windows-x86_64 | 1.0.1 | 29.00 | 192.00 | 221.00 | OK | |
r-oldrel-macos-arm64 | 1.0.1 | 92.00 | OK | |||
r-oldrel-macos-x86_64 | 1.0.1 | 197.00 | OK | |||
r-oldrel-windows-x86_64 | 1.0.1 | 39.00 | 237.00 | 276.00 | OK |
Version: 1.0.1
Check: Rd cross-references
Result: NOTE
Found the following Rd file(s) with Rd \link{} targets missing package
anchors:
ebp.Rd: nlme
write.excel.Rd: openxlsx
Please provide package anchors for all Rd \link{} targets not in the
package itself and the base packages.
Flavors: r-devel-linux-x86_64-debian-clang, r-devel-linux-x86_64-debian-gcc, r-devel-windows-x86_64
Version: 1.0.1
Check: Rd cross-references
Result: NOTE
Undeclared package ‘emdi’ in Rd xrefs
Flavor: r-devel-linux-x86_64-fedora-clang
Version: 1.0.1
Check: data for non-ASCII characters
Result: NOTE
Note: found 3208 marked UTF-8 strings
Flavors: r-devel-linux-x86_64-fedora-clang, r-devel-linux-x86_64-fedora-gcc