CRAN Package Check Results for Package powdR

Last updated on 2022-05-23 01:50:17 CEST.

Flavor Version Tinstall Tcheck Ttotal Status Flags
r-devel-linux-x86_64-debian-clang 1.3.0 10.60 262.30 272.90 OK
r-devel-linux-x86_64-debian-gcc 1.3.0 9.13 187.35 196.48 OK
r-devel-linux-x86_64-fedora-clang 1.3.0 309.48 NOTE
r-devel-linux-x86_64-fedora-gcc 1.3.0 299.55 OK
r-devel-windows-x86_64 1.3.0 43.00 309.00 352.00 OK
r-patched-linux-x86_64 1.3.0 12.26 248.02 260.28 OK
r-release-linux-x86_64 1.3.0 9.91 248.12 258.03 OK
r-release-macos-arm64 1.3.0 103.00 OK
r-release-macos-x86_64 1.3.0 166.00 OK
r-release-windows-x86_64 1.3.0 37.00 303.00 340.00 OK
r-oldrel-macos-arm64 1.3.0 107.00 OK
r-oldrel-macos-x86_64 1.3.0 115.00 OK
r-oldrel-windows-ix86+x86_64 1.3.0 26.00 99.00 125.00 WARN

Check Details

Version: 1.3.0
Check: installed package size
Result: NOTE
     installed size is 5.0Mb
     sub-directories of 1Mb or more:
     data 1.1Mb
     doc 3.0Mb
Flavor: r-devel-linux-x86_64-fedora-clang

Version: 1.3.0
Check: re-building of vignette outputs
Result: WARN
    Error(s) in re-building vignettes:
    --- re-building 'Loading_and_manipulating.Rmd' using rmarkdown
    Error: processing vignette 'Loading_and_manipulating.Rmd' failed with diagnostics:
    Using anchor_sections requires Pandoc 2.0+
    --- failed re-building 'Loading_and_manipulating.Rmd'
    
    --- re-building 'full_pattern_summation.Rmd' using rmarkdown
    Error: processing vignette 'full_pattern_summation.Rmd' failed with diagnostics:
    Using anchor_sections requires Pandoc 2.0+
    --- failed re-building 'full_pattern_summation.Rmd'
    
    SUMMARY: processing the following files failed:
     'Loading_and_manipulating.Rmd' 'full_pattern_summation.Rmd'
    
    Error: Vignette re-building failed.
    Execution halted
Flavor: r-oldrel-windows-ix86+x86_64