Last updated on 2022-06-27 01:49:59 CEST.
Flavor | Version | Tinstall | Tcheck | Ttotal | Status | Flags |
---|---|---|---|---|---|---|
r-devel-linux-x86_64-debian-clang | 1.0.5 | 2.39 | 28.90 | 31.29 | NOTE | |
r-devel-linux-x86_64-debian-gcc | 1.0.5 | 1.56 | 22.69 | 24.25 | NOTE | |
r-devel-linux-x86_64-fedora-clang | 1.0.5 | 49.15 | WARN | |||
r-devel-linux-x86_64-fedora-gcc | 1.0.5 | 47.71 | WARN | |||
r-devel-windows-x86_64 | 1.0.5 | 17.00 | 62.00 | 79.00 | NOTE | |
r-patched-linux-x86_64 | 1.0.5 | 2.47 | 28.07 | 30.54 | NOTE | |
r-release-linux-x86_64 | 1.0.5 | 1.61 | 28.44 | 30.05 | NOTE | |
r-release-macos-arm64 | 1.0.5 | 17.00 | NOTE | |||
r-release-macos-x86_64 | 1.0.5 | 29.00 | NOTE | |||
r-release-windows-x86_64 | 1.0.5 | 27.00 | 60.00 | 87.00 | NOTE | |
r-oldrel-macos-arm64 | 1.0.5 | 25.00 | NOTE | |||
r-oldrel-macos-x86_64 | 1.0.5 | 27.00 | NOTE | |||
r-oldrel-windows-ix86+x86_64 | 1.0.5 | 6.00 | 52.00 | 58.00 | NOTE |
Version: 1.0.5
Check: LazyData
Result: NOTE
'LazyData' is specified without a 'data' directory
Flavors: r-devel-linux-x86_64-debian-clang, r-devel-linux-x86_64-debian-gcc, r-devel-linux-x86_64-fedora-clang, r-devel-linux-x86_64-fedora-gcc, r-devel-windows-x86_64, r-patched-linux-x86_64, r-release-linux-x86_64, r-release-macos-arm64, r-release-macos-x86_64, r-release-windows-x86_64, r-oldrel-macos-arm64, r-oldrel-macos-x86_64, r-oldrel-windows-ix86+x86_64
Version: 1.0.5
Check: package dependencies
Result: WARN
Requires (indirectly) orphaned package: ‘gtools’
Flavors: r-devel-linux-x86_64-fedora-clang, r-devel-linux-x86_64-fedora-gcc