CRAN Package Check Results for Package powerbydesign

Last updated on 2025-10-08 01:49:14 CEST.

Flavor Version Tinstall Tcheck Ttotal Status Flags
r-devel-linux-x86_64-debian-clang 1.0.5 1.91 26.22 28.13 OK
r-devel-linux-x86_64-debian-gcc 1.0.5 1.55 20.60 22.15 OK
r-devel-linux-x86_64-fedora-clang 1.0.5 40.49 OK
r-devel-linux-x86_64-fedora-gcc 1.0.5 38.87 OK
r-devel-windows-x86_64 1.0.5 4.00 53.00 57.00 OK
r-patched-linux-x86_64 1.0.5 1.84 24.73 26.57 OK
r-release-linux-x86_64 1.0.5 1.84 24.53 26.37 OK
r-release-macos-arm64 1.0.5 18.00 OK
r-release-macos-x86_64 1.0.5 30.00 OK
r-release-windows-x86_64 1.0.5 5.00 50.00 55.00 OK
r-oldrel-macos-arm64 1.0.5 19.00 NOTE
r-oldrel-macos-x86_64 1.0.5 27.00 NOTE
r-oldrel-windows-x86_64 1.0.5 4.00 61.00 65.00 NOTE

Check Details

Version: 1.0.5
Check: LazyData
Result: NOTE 'LazyData' is specified without a 'data' directory Flavors: r-oldrel-macos-arm64, r-oldrel-macos-x86_64, r-oldrel-windows-x86_64