Last updated on 2024-04-19 01:58:54 CEST.
Flavor | Version | Tinstall | Tcheck | Ttotal | Status | Flags |
---|---|---|---|---|---|---|
r-devel-linux-x86_64-debian-clang | 1.3 | 44.18 | 110.37 | 154.55 | OK | |
r-devel-linux-x86_64-debian-gcc | 1.3 | 35.07 | 76.24 | 111.31 | OK | |
r-devel-linux-x86_64-fedora-clang | 1.3 | 211.06 | OK | |||
r-devel-linux-x86_64-fedora-gcc | 1.3 | 205.44 | OK | |||
r-prerel-macos-arm64 | 1.3 | 57.00 | OK | |||
r-prerel-windows-x86_64 | 1.3 | 38.00 | 108.00 | 146.00 | OK | |
r-patched-linux-x86_64 | 1.3 | 48.64 | 99.58 | 148.22 | OK | |
r-release-linux-x86_64 | 1.3 | 42.24 | 96.77 | 139.01 | OK | |
r-release-macos-arm64 | 1.3 | 61.00 | OK | |||
r-release-macos-x86_64 | 1.3 | 182.00 | NOTE | |||
r-release-windows-x86_64 | 1.3 | 47.00 | 127.00 | 174.00 | OK | |
r-oldrel-macos-arm64 | 1.3 | 64.00 | OK | |||
r-oldrel-windows-x86_64 | 1.3 | 45.00 | 127.00 | 172.00 | OK |
Version: 1.3
Check: installed package size
Result: NOTE
installed size is 5.0Mb
sub-directories of 1Mb or more:
libs 3.3Mb
Flavor: r-release-macos-x86_64