Last updated on 2022-05-22 01:51:34 CEST.
Flavor | Version | Tinstall | Tcheck | Ttotal | Status | Flags |
---|---|---|---|---|---|---|
r-devel-linux-x86_64-debian-clang | 0.1.3.3 | 16.70 | 165.24 | 181.94 | NOTE | |
r-devel-linux-x86_64-debian-gcc | 0.1.3.3 | 12.51 | 123.93 | 136.44 | NOTE | |
r-devel-linux-x86_64-fedora-clang | 0.1.3.3 | 222.07 | NOTE | |||
r-devel-linux-x86_64-fedora-gcc | 0.1.3.3 | 214.81 | NOTE | |||
r-devel-windows-x86_64 | 0.1.3.3 | 36.00 | 175.00 | 211.00 | NOTE | |
r-patched-linux-x86_64 | 0.1.3.3 | 14.49 | 157.16 | 171.65 | NOTE | |
r-release-linux-x86_64 | 0.1.3.3 | 10.80 | 152.70 | 163.50 | NOTE | |
r-release-macos-arm64 | 0.1.3.3 | 52.00 | NOTE | |||
r-release-macos-x86_64 | 0.1.3.3 | 104.00 | NOTE | |||
r-release-windows-x86_64 | 0.1.3.3 | 56.00 | 174.00 | 230.00 | NOTE | |
r-oldrel-macos-arm64 | 0.1.3.3 | 60.00 | NOTE | |||
r-oldrel-macos-x86_64 | 0.1.3.3 | 88.00 | NOTE | |||
r-oldrel-windows-ix86+x86_64 | 0.1.3.3 | 35.00 | 167.00 | 202.00 | NOTE |
Version: 0.1.3.3
Check: LazyData
Result: NOTE
'LazyData' is specified without a 'data' directory
Flavors: r-devel-linux-x86_64-debian-clang, r-devel-linux-x86_64-debian-gcc, r-devel-linux-x86_64-fedora-clang, r-devel-linux-x86_64-fedora-gcc, r-devel-windows-x86_64, r-patched-linux-x86_64, r-release-linux-x86_64, r-release-macos-arm64, r-release-macos-x86_64, r-release-windows-x86_64, r-oldrel-macos-arm64, r-oldrel-macos-x86_64, r-oldrel-windows-ix86+x86_64
Version: 0.1.3.3
Check: dependencies in R code
Result: NOTE
Namespaces in Imports field not imported from:
‘TH.data’ ‘moonBook’
All declared Imports should be used.
Flavors: r-devel-linux-x86_64-fedora-clang, r-devel-linux-x86_64-fedora-gcc, r-release-macos-arm64, r-release-macos-x86_64, r-oldrel-macos-arm64, r-oldrel-macos-x86_64