Last updated on 2024-04-24 01:52:20 CEST.
Flavor | Version | Tinstall | Tcheck | Ttotal | Status | Flags |
---|---|---|---|---|---|---|
r-devel-linux-x86_64-debian-clang | 3.0.3 | 29.98 | 205.73 | 235.71 | NOTE | |
r-devel-linux-x86_64-debian-gcc | 3.0.3 | 25.49 | 146.65 | 172.14 | NOTE | |
r-devel-linux-x86_64-fedora-clang | 3.0.3 | 291.69 | NOTE | |||
r-devel-linux-x86_64-fedora-gcc | 3.0.3 | 288.60 | NOTE | |||
r-prerel-macos-arm64 | 3.0.3 | 64.00 | NOTE | |||
r-prerel-windows-x86_64 | 3.0.3 | 28.00 | 141.00 | 169.00 | NOTE | |
r-patched-linux-x86_64 | 3.0.3 | 28.79 | 192.24 | 221.03 | NOTE | |
r-release-linux-x86_64 | 3.0.3 | 33.40 | 191.04 | 224.44 | OK | |
r-release-macos-arm64 | 3.0.3 | 64.00 | OK | |||
r-release-macos-x86_64 | 3.0.3 | 172.00 | OK | |||
r-release-windows-x86_64 | 3.0.3 | 37.00 | 177.00 | 214.00 | OK | |
r-oldrel-macos-arm64 | 3.0.3 | 80.00 | OK | |||
r-oldrel-windows-x86_64 | 3.0.3 | 36.00 | 176.00 | 212.00 | OK |
Version: 3.0.3
Check: Rd files
Result: NOTE
checkRd: (-1) app_server.Rd:10: Lost braces; missing escapes or markup?
10 | \item{input, output, session}{Internal parameters for {shiny}.
| ^
Flavors: r-devel-linux-x86_64-debian-clang, r-devel-linux-x86_64-debian-gcc, r-devel-linux-x86_64-fedora-clang, r-devel-linux-x86_64-fedora-gcc, r-prerel-macos-arm64, r-prerel-windows-x86_64, r-patched-linux-x86_64