CRAN Package Check Results for Package presize

Last updated on 2022-06-30 01:49:16 CEST.

Flavor Version Tinstall Tcheck Ttotal Status Flags
r-devel-linux-x86_64-debian-clang 0.3.1 4.01 43.22 47.23 OK
r-devel-linux-x86_64-debian-gcc 0.3.1 3.19 32.55 35.74 OK
r-devel-linux-x86_64-fedora-clang 0.3.1 66.39 OK
r-devel-linux-x86_64-fedora-gcc 0.3.1 64.99 OK
r-devel-windows-x86_64 0.3.1 24.00 75.00 99.00 OK
r-patched-linux-x86_64 0.3.1 4.36 40.18 44.54 OK
r-release-linux-x86_64 0.3.1 3.53 42.06 45.59 OK
r-release-macos-arm64 0.3.1 20.00 OK
r-release-macos-x86_64 0.3.1 8.00 ERROR
r-release-windows-x86_64 0.3.1 37.00 72.00 109.00 OK
r-oldrel-macos-arm64 0.3.1 25.00 OK
r-oldrel-macos-x86_64 0.3.1 30.00 OK
r-oldrel-windows-ix86+x86_64 0.3.1 9.00 64.00 73.00 OK

Check Details

Version: 0.3.1
Check: package dependencies
Result: ERROR
    Package required but not available: ‘kappaSize’
    
    See section ‘The DESCRIPTION file’ in the ‘Writing R Extensions’
    manual.
Flavor: r-release-macos-x86_64