CRAN Package Check Results for Package prettycode

Last updated on 2022-05-22 01:51:34 CEST.

Flavor Version Tinstall Tcheck Ttotal Status Flags
r-devel-linux-x86_64-debian-clang 1.1.0 2.07 35.47 37.54 NOTE
r-devel-linux-x86_64-debian-gcc 1.1.0 1.89 27.74 29.63 NOTE
r-devel-linux-x86_64-fedora-clang 1.1.0 46.11 NOTE
r-devel-linux-x86_64-fedora-gcc 1.1.0 44.66 NOTE
r-devel-windows-x86_64 1.1.0 23.00 52.00 75.00 NOTE
r-patched-linux-x86_64 1.1.0 2.36 34.77 37.13 NOTE
r-release-linux-x86_64 1.1.0 1.85 34.42 36.27 NOTE
r-release-macos-arm64 1.1.0 15.00 NOTE
r-release-macos-x86_64 1.1.0 23.00 NOTE
r-release-windows-x86_64 1.1.0 21.00 52.00 73.00 NOTE
r-oldrel-macos-arm64 1.1.0 21.00 NOTE
r-oldrel-macos-x86_64 1.1.0 31.00 NOTE
r-oldrel-windows-ix86+x86_64 1.1.0 6.00 46.00 52.00 NOTE

Check Details

Version: 1.1.0
Check: LazyData
Result: NOTE
     'LazyData' is specified without a 'data' directory
Flavors: r-devel-linux-x86_64-debian-clang, r-devel-linux-x86_64-debian-gcc, r-devel-linux-x86_64-fedora-clang, r-devel-linux-x86_64-fedora-gcc, r-devel-windows-x86_64, r-patched-linux-x86_64, r-release-linux-x86_64, r-release-macos-arm64, r-release-macos-x86_64, r-release-windows-x86_64, r-oldrel-macos-arm64, r-oldrel-macos-x86_64, r-oldrel-windows-ix86+x86_64