CRAN Package Check Results for Package prettydoc

Last updated on 2023-09-28 02:00:55 CEST.

Flavor Version Tinstall Tcheck Ttotal Status Flags
r-devel-linux-x86_64-debian-clang 0.4.1 3.47 42.64 46.11 NOTE
r-devel-linux-x86_64-debian-gcc 0.4.1 2.89 33.41 36.30 NOTE
r-devel-linux-x86_64-fedora-clang 0.4.1 58.02 NOTE
r-devel-linux-x86_64-fedora-gcc 0.4.1 68.77 NOTE
r-devel-windows-x86_64 0.4.1 6.00 63.00 69.00 NOTE
r-patched-linux-x86_64 0.4.1 3.16 42.37 45.53 NOTE
r-release-linux-x86_64 0.4.1 3.52 42.65 46.17 NOTE
r-release-macos-arm64 0.4.1 36.00 NOTE
r-release-macos-x86_64 0.4.1 47.00 NOTE
r-release-windows-x86_64 0.4.1 6.00 64.00 70.00 NOTE
r-oldrel-macos-arm64 0.4.1 22.00 NOTE
r-oldrel-macos-x86_64 0.4.1 35.00 NOTE
r-oldrel-windows-x86_64 0.4.1 6.00 69.00 75.00 NOTE

Check Details

Version: 0.4.1
Check: LazyData
Result: NOTE
     'LazyData' is specified without a 'data' directory
Flavors: r-devel-linux-x86_64-debian-clang, r-devel-linux-x86_64-debian-gcc, r-devel-linux-x86_64-fedora-clang, r-devel-linux-x86_64-fedora-gcc, r-devel-windows-x86_64, r-patched-linux-x86_64, r-release-linux-x86_64, r-release-macos-arm64, r-release-macos-x86_64, r-release-windows-x86_64, r-oldrel-macos-arm64, r-oldrel-macos-x86_64, r-oldrel-windows-x86_64