CRAN Package Check Results for Package processR

Last updated on 2020-08-13 19:49:28 CEST.

Flavor Version Tinstall Tcheck Ttotal Status Flags
r-devel-linux-x86_64-debian-clang 0.2.3 0.78 2.64 3.42 ERROR
r-devel-linux-x86_64-debian-gcc 0.2.3 25.82 164.05 189.87 OK
r-devel-linux-x86_64-fedora-clang 0.2.3 295.25 OK
r-devel-linux-x86_64-fedora-gcc 0.2.3 291.50 OK
r-devel-windows-ix86+x86_64 0.2.3 89.00 322.00 411.00 OK
r-patched-linux-x86_64 0.2.3 26.43 211.04 237.47 OK
r-patched-solaris-x86 0.2.3 397.10 OK
r-release-linux-x86_64 0.2.3 28.01 211.48 239.49 OK
r-release-macos-x86_64 0.2.3 OK
r-release-windows-ix86+x86_64 0.2.3 86.00 347.00 433.00 OK
r-oldrel-macos-x86_64 0.2.3 WARN
r-oldrel-windows-ix86+x86_64 0.2.3 50.00 239.00 289.00 OK

Check Details

Version: 0.2.3
Check: package dependencies
Result: ERROR
    Packages required but not available: 'rrtable', 'tidyr', 'predict3d'
    
    See section 'The DESCRIPTION file' in the 'Writing R Extensions'
    manual.
Flavor: r-devel-linux-x86_64-debian-clang

Version: 0.2.3
Check: whether package can be installed
Result: WARN
    Found the following significant warnings:
     Warning: 'rgl_init' failed, running with rgl.useNULL = TRUE
Flavor: r-oldrel-macos-x86_64

Version: 0.2.3
Check: dependencies in R code
Result: NOTE
    No protocol specified
Flavor: r-oldrel-macos-x86_64

Version: 0.2.3
Check: S3 generic/method consistency
Result: WARN
    No protocol specified
    See section ‘Generic functions and methods’ in the ‘Writing R
    Extensions’ manual.
Flavor: r-oldrel-macos-x86_64

Version: 0.2.3
Check: replacement functions
Result: WARN
    No protocol specified
    The argument of a replacement function which corresponds to the right
    hand side must be named ‘value’.
Flavor: r-oldrel-macos-x86_64

Version: 0.2.3
Check: foreign function calls
Result: NOTE
    No protocol specified
    See chapter ‘System and foreign language interfaces’ in the ‘Writing R
    Extensions’ manual.
Flavor: r-oldrel-macos-x86_64

Version: 0.2.3
Check: R code for possible problems
Result: NOTE
    No protocol specified
Flavor: r-oldrel-macos-x86_64

Version: 0.2.3
Check: for missing documentation entries
Result: WARN
    No protocol specified
    All user-level objects in a package should have documentation entries.
    See chapter ‘Writing R documentation files’ in the ‘Writing R
    Extensions’ manual.
Flavor: r-oldrel-macos-x86_64

Version: 0.2.3
Check: for code/documentation mismatches
Result: WARN
    No protocol specified
    No protocol specified
    No protocol specified
Flavor: r-oldrel-macos-x86_64

Version: 0.2.3
Check: Rd \usage sections
Result: NOTE
    No protocol specified
    The \usage entries for S3 methods should use the \method markup and not
    their full name.
    See chapter ‘Writing R documentation files’ in the ‘Writing R
    Extensions’ manual.
Flavor: r-oldrel-macos-x86_64