Last updated on 2024-04-24 01:52:21 CEST.
Flavor | Version | Tinstall | Tcheck | Ttotal | Status | Flags |
---|---|---|---|---|---|---|
r-devel-linux-x86_64-debian-clang | 1.0.5 | 10.59 | 127.82 | 138.41 | OK | |
r-devel-linux-x86_64-debian-gcc | 1.0.5 | 9.08 | 96.79 | 105.87 | OK | |
r-devel-linux-x86_64-fedora-clang | 1.0.5 | 174.71 | NOTE | |||
r-devel-linux-x86_64-fedora-gcc | 1.0.5 | 176.82 | OK | |||
r-prerel-macos-arm64 | 1.0.5 | 60.00 | NOTE | |||
r-prerel-windows-x86_64 | 1.0.5 | 12.00 | 109.00 | 121.00 | NOTE | |
r-patched-linux-x86_64 | 1.0.5 | 12.73 | 124.78 | 137.51 | OK | |
r-release-linux-x86_64 | 1.0.5 | 10.05 | 120.32 | 130.37 | OK | |
r-release-macos-arm64 | 1.0.5 | 65.00 | NOTE | |||
r-release-macos-x86_64 | 1.0.5 | 113.00 | NOTE | |||
r-release-windows-x86_64 | 1.0.5 | 16.00 | 125.00 | 141.00 | NOTE | |
r-oldrel-macos-arm64 | 1.0.5 | 49.00 | NOTE | |||
r-oldrel-windows-x86_64 | 1.0.5 | 16.00 | 130.00 | 146.00 | NOTE |
Version: 1.0.5
Check: installed package size
Result: NOTE
installed size is 11.6Mb
sub-directories of 1Mb or more:
doc 8.8Mb
htmlwidgets 2.6Mb
Flavors: r-devel-linux-x86_64-fedora-clang, r-prerel-macos-arm64, r-prerel-windows-x86_64, r-release-macos-arm64, r-release-macos-x86_64, r-release-windows-x86_64, r-oldrel-macos-arm64, r-oldrel-windows-x86_64