Last updated on 2024-03-29 01:51:14 CET.
Flavor | Version | Tinstall | Tcheck | Ttotal | Status | Flags |
---|---|---|---|---|---|---|
r-devel-linux-x86_64-debian-clang | 0.5.3 | 29.98 | 122.14 | 152.12 | OK | |
r-devel-linux-x86_64-debian-gcc | 0.5.3 | 25.78 | 92.66 | 118.44 | OK | |
r-devel-linux-x86_64-fedora-clang | 0.5.3 | 218.60 | NOTE | |||
r-devel-linux-x86_64-fedora-gcc | 0.5.3 | 214.69 | OK | |||
r-devel-windows-x86_64 | 0.5.3 | 29.00 | 118.00 | 147.00 | OK | |
r-patched-linux-x86_64 | 0.5.3 | 30.00 | 117.08 | 147.08 | OK | |
r-release-linux-x86_64 | 0.5.3 | 22.53 | 119.60 | 142.13 | OK | |
r-release-macos-arm64 | 0.5.3 | 57.00 | OK | |||
r-release-macos-x86_64 | 0.5.3 | 90.00 | OK | |||
r-release-windows-x86_64 | 0.5.3 | 36.00 | 146.00 | 182.00 | OK | |
r-oldrel-macos-arm64 | 0.5.3 | 51.00 | OK | |||
r-oldrel-windows-x86_64 | 0.5.3 | 34.00 | 142.00 | 176.00 | OK |
Version: 0.5.3
Check: package dependencies
Result: NOTE
Imports includes 21 non-default packages.
Importing from so many packages makes the package vulnerable to any of
them becoming unavailable. Move as many as possible to Suggests and
use conditionally.
Flavor: r-devel-linux-x86_64-fedora-clang