Last updated on 2022-07-01 01:49:39 CEST.
Flavor | Version | Tinstall | Tcheck | Ttotal | Status | Flags |
---|---|---|---|---|---|---|
r-devel-linux-x86_64-debian-clang | 2.1.2 | 56.94 | 213.86 | 270.80 | OK | |
r-devel-linux-x86_64-debian-gcc | 2.1.2 | 43.52 | 158.01 | 201.53 | OK | |
r-devel-linux-x86_64-fedora-clang | 2.1.2 | 335.14 | OK | |||
r-devel-linux-x86_64-fedora-gcc | 2.1.2 | 332.99 | OK | |||
r-devel-windows-x86_64 | 2.1.2 | 90.00 | 266.00 | 356.00 | OK | |
r-patched-linux-x86_64 | 2.1.2 | 43.21 | 204.22 | 247.43 | OK | |
r-release-linux-x86_64 | 2.1.2 | 47.04 | 203.85 | 250.89 | OK | |
r-release-macos-arm64 | 2.1.2 | 93.00 | OK | |||
r-release-macos-x86_64 | 2.1.2 | 125.00 | OK | |||
r-release-windows-x86_64 | 2.1.2 | 17.00 | 8.00 | 25.00 | ERROR | |
r-oldrel-macos-arm64 | 2.1.2 | 82.00 | OK | |||
r-oldrel-macos-x86_64 | 2.1.2 | 124.00 | OK | |||
r-oldrel-windows-ix86+x86_64 | 2.1.2 | 118.00 | 353.00 | 471.00 | OK |
Version: 2.1.2
Check: whether package can be installed
Result: ERROR
Installation failed.
Flavor: r-release-windows-x86_64