Last updated on 2024-04-24 01:52:21 CEST.
Flavor | Version | Tinstall | Tcheck | Ttotal | Status | Flags |
---|---|---|---|---|---|---|
r-devel-linux-x86_64-debian-clang | 1.9.1.0 | 1255.46 | 188.71 | 1444.17 | NOTE | |
r-devel-linux-x86_64-debian-gcc | 1.9.1.0 | 1206.92 | 216.07 | 1422.99 | NOTE | |
r-devel-linux-x86_64-fedora-clang | 1.9.1.0 | 1842.67 | NOTE | |||
r-devel-linux-x86_64-fedora-gcc | 1.9.1.0 | 2620.59 | NOTE | |||
r-prerel-macos-arm64 | 1.9.1.0 | 430.00 | NOTE | |||
r-prerel-windows-x86_64 | 1.9.1.0 | 1012.00 | 237.00 | 1249.00 | NOTE | |
r-patched-linux-x86_64 | 1.9.1.0 | 1063.25 | 288.57 | 1351.82 | NOTE | |
r-release-linux-x86_64 | 1.9.1.0 | 1067.71 | 284.88 | 1352.59 | NOTE | |
r-release-macos-arm64 | 1.9.1.0 | 663.00 | NOTE | |||
r-release-macos-x86_64 | 1.9.1.0 | 672.00 | NOTE | |||
r-release-windows-x86_64 | 1.9.1.0 | 1264.00 | 297.00 | 1561.00 | NOTE | |
r-oldrel-macos-arm64 | 1.9.1.0 | 449.00 | NOTE | |||
r-oldrel-windows-x86_64 | 1.9.1.0 | 1243.00 | 260.00 | 1503.00 | NOTE |
Version: 1.9.1.0
Check: for GNU extensions in Makefiles
Result: NOTE
GNU make is a SystemRequirements.
Flavors: r-devel-linux-x86_64-debian-clang, r-devel-linux-x86_64-debian-gcc, r-devel-linux-x86_64-fedora-clang, r-devel-linux-x86_64-fedora-gcc, r-prerel-macos-arm64, r-prerel-windows-x86_64, r-patched-linux-x86_64, r-release-linux-x86_64, r-release-macos-arm64, r-release-macos-x86_64, r-release-windows-x86_64, r-oldrel-macos-arm64, r-oldrel-windows-x86_64
Version: 1.9.1.0
Check: installed package size
Result: NOTE
installed size is 10.6Mb
sub-directories of 1Mb or more:
libs 10.2Mb
Flavors: r-devel-linux-x86_64-fedora-clang, r-prerel-macos-arm64, r-prerel-windows-x86_64, r-release-macos-arm64, r-release-macos-x86_64, r-release-windows-x86_64, r-oldrel-macos-arm64, r-oldrel-windows-x86_64
Version: 1.9.1.0
Check: dependencies in R code
Result: NOTE
Namespace in Imports field not imported from: ‘RcppParallel’
All declared Imports should be used.
Flavors: r-devel-linux-x86_64-fedora-clang, r-devel-linux-x86_64-fedora-gcc