Last updated on 2023-05-31 01:57:22 CEST.
Flavor | Version | Tinstall | Tcheck | Ttotal | Status | Flags |
---|---|---|---|---|---|---|
r-devel-linux-x86_64-debian-clang | 1.5.6.70 | 821.93 | 132.16 | 954.09 | NOTE | |
r-devel-linux-x86_64-debian-gcc | 1.5.6.70 | 791.30 | 148.42 | 939.72 | NOTE | |
r-devel-linux-x86_64-fedora-clang | 1.5.6.70 | 1219.35 | NOTE | |||
r-devel-linux-x86_64-fedora-gcc | 1.5.6.70 | 1738.42 | NOTE | |||
r-devel-windows-x86_64 | 1.5.6.70 | 629.00 | 189.00 | 818.00 | NOTE | |
r-patched-linux-x86_64 | 1.5.6.70 | 652.21 | 191.61 | 843.82 | NOTE | |
r-release-linux-x86_64 | 1.5.6.70 | 637.08 | 191.04 | 828.12 | NOTE | |
r-release-macos-arm64 | 1.5.6.70 | 376.00 | NOTE | |||
r-release-macos-x86_64 | 1.5.6.70 | 595.00 | NOTE | |||
r-release-windows-x86_64 | 1.5.6.70 | 861.00 | 239.00 | 1100.00 | NOTE | |
r-oldrel-macos-arm64 | 1.5.6.70 | 305.00 | NOTE | |||
r-oldrel-macos-x86_64 | 1.5.6.70 | 459.00 | NOTE | |||
r-oldrel-windows-x86_64 | 1.5.6.70 | 797.00 | 213.00 | 1010.00 | NOTE |
Version: 1.5.6.70
Check: for GNU extensions in Makefiles
Result: NOTE
GNU make is a SystemRequirements.
Flavors: r-devel-linux-x86_64-debian-clang, r-devel-linux-x86_64-debian-gcc, r-devel-linux-x86_64-fedora-clang, r-devel-linux-x86_64-fedora-gcc, r-devel-windows-x86_64, r-patched-linux-x86_64, r-release-linux-x86_64, r-release-macos-arm64, r-release-macos-x86_64, r-release-windows-x86_64, r-oldrel-macos-arm64, r-oldrel-macos-x86_64, r-oldrel-windows-x86_64
Version: 1.5.6.70
Check: installed package size
Result: NOTE
installed size is 8.0Mb
sub-directories of 1Mb or more:
libs 7.7Mb
Flavors: r-devel-linux-x86_64-fedora-clang, r-devel-windows-x86_64, r-release-macos-arm64, r-release-macos-x86_64, r-release-windows-x86_64, r-oldrel-macos-arm64, r-oldrel-macos-x86_64, r-oldrel-windows-x86_64
Version: 1.5.6.70
Check: dependencies in R code
Result: NOTE
Namespace in Imports field not imported from: ‘RcppParallel’
All declared Imports should be used.
Flavors: r-devel-linux-x86_64-fedora-clang, r-devel-linux-x86_64-fedora-gcc, r-oldrel-macos-arm64, r-oldrel-macos-x86_64