Last updated on 2024-07-18 01:55:39 CEST.
Flavor | Version | Tinstall | Tcheck | Ttotal | Status | Flags |
---|---|---|---|---|---|---|
r-devel-linux-x86_64-debian-clang | 1.9.1.0 | 1281.86 | 189.55 | 1471.41 | NOTE | |
r-devel-linux-x86_64-debian-gcc | 1.9.1.0 | 1120.55 | 219.17 | 1339.72 | NOTE | |
r-devel-linux-x86_64-fedora-clang | 1.9.1.0 | 1833.38 | NOTE | |||
r-devel-linux-x86_64-fedora-gcc | 1.9.1.0 | 2821.99 | NOTE | |||
r-devel-windows-x86_64 | 1.9.1.0 | 989.00 | 232.00 | 1221.00 | NOTE | |
r-patched-linux-x86_64 | 1.9.1.0 | 913.96 | 292.21 | 1206.17 | NOTE | |
r-release-linux-x86_64 | 1.9.1.0 | 0.01 | 2.56 | 2.57 | ERROR | |
r-release-macos-arm64 | 1.9.1.0 | 430.00 | NOTE | |||
r-release-macos-x86_64 | 1.9.1.0 | 450.00 | NOTE | |||
r-release-windows-x86_64 | 1.9.1.0 | 980.00 | 236.00 | 1216.00 | NOTE | |
r-oldrel-macos-arm64 | 1.9.1.0 | 663.00 | NOTE | |||
r-oldrel-macos-x86_64 | 1.9.1.0 | 672.00 | NOTE | |||
r-oldrel-windows-x86_64 | 1.9.1.0 | 1266.00 | 293.00 | 1559.00 | NOTE |
Version: 1.9.1.0
Check: for GNU extensions in Makefiles
Result: NOTE
GNU make is a SystemRequirements.
Flavors: r-devel-linux-x86_64-debian-clang, r-devel-linux-x86_64-debian-gcc, r-devel-linux-x86_64-fedora-clang, r-devel-linux-x86_64-fedora-gcc, r-devel-windows-x86_64, r-patched-linux-x86_64, r-release-macos-arm64, r-release-macos-x86_64, r-release-windows-x86_64, r-oldrel-macos-arm64, r-oldrel-macos-x86_64, r-oldrel-windows-x86_64
Version: 1.9.1.0
Check: installed package size
Result: NOTE
installed size is 10.7Mb
sub-directories of 1Mb or more:
libs 10.2Mb
Flavors: r-devel-linux-x86_64-fedora-clang, r-devel-windows-x86_64, r-release-macos-arm64, r-release-macos-x86_64, r-release-windows-x86_64, r-oldrel-macos-arm64, r-oldrel-macos-x86_64, r-oldrel-windows-x86_64
Version: 1.9.1.0
Check: dependencies in R code
Result: NOTE
Namespace in Imports field not imported from: ‘RcppParallel’
All declared Imports should be used.
Flavors: r-devel-linux-x86_64-fedora-clang, r-devel-linux-x86_64-fedora-gcc
Version: 1.9.1.0
Check: whether package can be installed
Result: ERROR
Installation failed.
Flavor: r-release-linux-x86_64