Last updated on 2024-03-29 01:51:14 CET.
Flavor | Version | Tinstall | Tcheck | Ttotal | Status | Flags |
---|---|---|---|---|---|---|
r-devel-linux-x86_64-debian-clang | 0.1.5 | 10.76 | 78.34 | 89.10 | OK | |
r-devel-linux-x86_64-debian-gcc | 0.1.5 | 7.24 | 59.35 | 66.59 | OK | |
r-devel-linux-x86_64-fedora-clang | 0.1.5 | 112.10 | OK | |||
r-devel-linux-x86_64-fedora-gcc | 0.1.5 | 106.61 | OK | |||
r-devel-windows-x86_64 | 0.1.5 | 11.00 | 83.00 | 94.00 | OK | |
r-patched-linux-x86_64 | 0.1.5 | 0.33 | 2.08 | 2.41 | ERROR | |
r-release-linux-x86_64 | 0.1.5 | 0.42 | 1.62 | 2.04 | ERROR | |
r-release-macos-arm64 | 0.1.5 | 38.00 | OK | |||
r-release-macos-x86_64 | 0.1.5 | 54.00 | OK | |||
r-release-windows-x86_64 | 0.1.5 | 13.00 | 91.00 | 104.00 | OK | |
r-oldrel-macos-arm64 | 0.1.5 | 35.00 | OK | |||
r-oldrel-windows-x86_64 | 0.1.5 | 14.00 | 93.00 | 107.00 | OK |
Version: 0.1.5
Check: package dependencies
Result: ERROR
Package required but not available: ‘prophet’
See section ‘The DESCRIPTION file’ in the ‘Writing R Extensions’
manual.
Flavors: r-patched-linux-x86_64, r-release-linux-x86_64