Last updated on 2024-05-05 01:55:29 CEST.
Flavor | Version | Tinstall | Tcheck | Ttotal | Status | Flags |
---|---|---|---|---|---|---|
r-devel-linux-x86_64-debian-clang | 0.7.9 | 62.12 | 110.97 | 173.09 | OK | |
r-devel-linux-x86_64-debian-gcc | 0.7.9 | 46.35 | 83.40 | 129.75 | OK | |
r-devel-linux-x86_64-fedora-clang | 0.7.9 | 225.57 | NOTE | |||
r-devel-linux-x86_64-fedora-gcc | 0.7.9 | 234.97 | OK | |||
r-devel-windows-x86_64 | 0.7.9 | 50.00 | 196.00 | 246.00 | OK | |
r-patched-linux-x86_64 | 0.7.9 | 55.80 | 105.74 | 161.54 | OK | |
r-release-linux-x86_64 | 0.7.9 | 58.35 | 101.97 | 160.32 | OK | |
r-release-macos-arm64 | 0.7.9 | 70.00 | NOTE | |||
r-release-windows-x86_64 | 0.7.9 | 46.00 | 196.00 | 242.00 | OK | |
r-oldrel-macos-arm64 | 0.7.9 | 95.00 | NOTE | |||
r-oldrel-macos-x86_64 | 0.7.9 | 189.00 | NOTE | |||
r-oldrel-windows-x86_64 | 0.7.9 | 42.00 | 192.00 | 234.00 | OK |
Version: 0.7.9
Check: Rd cross-references
Result: NOTE
Undeclared package ‘XML’ in Rd xrefs
Flavor: r-devel-linux-x86_64-fedora-clang
Version: 0.7.9
Check: installed package size
Result: NOTE
installed size is 6.6Mb
sub-directories of 1Mb or more:
data 2.3Mb
libs 3.2Mb
Flavors: r-release-macos-arm64, r-oldrel-macos-arm64, r-oldrel-macos-x86_64