CRAN Package Check Results for Package protr

Last updated on 2020-02-17 23:50:02 CET.

Flavor Version Tinstall Tcheck Ttotal Status Flags
r-devel-linux-x86_64-debian-clang 1.6-2 21.00 107.18 128.18 OK
r-devel-linux-x86_64-debian-gcc 1.6-2 17.34 80.60 97.94 OK
r-devel-linux-x86_64-fedora-clang 1.6-2 149.08 OK
r-devel-linux-x86_64-fedora-gcc 1.6-2 134.73 OK
r-devel-windows-ix86+x86_64 1.6-2 31.00 103.00 134.00 OK
r-devel-windows-ix86+x86_64-gcc8 1.6-2 37.00 107.00 144.00 OK
r-patched-linux-x86_64 1.6-2 18.26 98.29 116.55 OK
r-patched-solaris-x86 1.6-2 166.10 OK
r-release-linux-x86_64 1.6-2 18.57 99.99 118.56 OK
r-release-windows-ix86+x86_64 1.6-2 25.00 103.00 128.00 OK
r-release-osx-x86_64 1.6-2 NOTE
r-oldrel-windows-ix86+x86_64 1.6-2 33.00 133.00 166.00 OK
r-oldrel-osx-x86_64 1.6-2 OK

Check Details

Version: 1.6-2
Check: package dependencies
Result: NOTE
    Packages suggested but not available for checking:
     'Biostrings', 'GOSemSim', 'org.Hs.eg.db'
Flavor: r-release-osx-x86_64