Last updated on 2025-10-31 01:49:08 CET.
| Flavor | Version | Tinstall | Tcheck | Ttotal | Status | Flags | 
|---|---|---|---|---|---|---|
| r-devel-linux-x86_64-debian-clang | 1.0.2 | 7.21 | 72.77 | 79.98 | NOTE | |
| r-devel-linux-x86_64-debian-gcc | 1.0.2 | 6.05 | 53.61 | 59.66 | NOTE | |
| r-devel-linux-x86_64-fedora-clang | 1.0.2 | 17.00 | 109.75 | 126.75 | OK | |
| r-devel-linux-x86_64-fedora-gcc | 1.0.2 | 17.00 | 105.31 | 122.31 | OK | |
| r-devel-windows-x86_64 | 1.0.2 | 10.00 | 80.00 | 90.00 | OK | |
| r-patched-linux-x86_64 | 1.0.2 | 7.75 | 70.60 | 78.35 | OK | |
| r-release-linux-x86_64 | 1.0.2 | 7.23 | 70.45 | 77.68 | OK | |
| r-release-macos-arm64 | 1.0.2 | 4.00 | 36.00 | 40.00 | OK | |
| r-release-macos-x86_64 | 1.0.2 | 12.00 | 86.00 | 98.00 | OK | |
| r-release-windows-x86_64 | 1.0.2 | 12.00 | 83.00 | 95.00 | OK | |
| r-oldrel-macos-arm64 | 1.0.2 | 4.00 | 34.00 | 38.00 | NOTE | |
| r-oldrel-macos-x86_64 | 1.0.2 | 11.00 | 67.00 | 78.00 | NOTE | |
| r-oldrel-windows-x86_64 | 1.0.2 | 13.00 | 101.00 | 114.00 | NOTE | 
Version: 1.0.2
Check: CRAN incoming feasibility
Result: NOTE
  Maintainer: ‘Oleg Sysoev <Oleg.Sysoev@liu.se>’
  
  No Authors@R field in DESCRIPTION.
  Please add one, modifying
    Authors@R: c(person(given = "Oleg",
                        family = "Sysoev",
                        role = c("aut", "cre"),
                        email = "oleg.sysoev@liu.se"),
                 person(given = "Krzysztof",
                        family = "Bartoszek",
                        role = "aut"),
                 person(given = c("Katarina", "Ekholm"),
                        family = "Selling",
                        role = "aut"),
                 person(given = "Lotta",
                        family = "Ekstrom",
                        role = "aut"))
  as necessary.
  
  Package CITATION file contains call(s) to old-style personList() or
  as.personList().  Please use c() on person objects instead.
  Package CITATION file contains call(s) to old-style citEntry().  Please
  use bibentry() instead.
Flavors: r-devel-linux-x86_64-debian-clang, r-devel-linux-x86_64-debian-gcc
Version: 1.0.2
Check: LazyData
Result: NOTE
    'LazyData' is specified without a 'data' directory
Flavors: r-oldrel-macos-arm64, r-oldrel-macos-x86_64, r-oldrel-windows-x86_64