Last updated on 2024-08-16 01:48:26 CEST.
Flavor | Version | Tinstall | Tcheck | Ttotal | Status | Flags |
---|---|---|---|---|---|---|
r-devel-linux-x86_64-debian-clang | 1.1.2 | 21.07 | 171.70 | 192.77 | OK | |
r-devel-linux-x86_64-debian-gcc | 1.1.2 | 16.06 | 118.39 | 134.45 | OK | |
r-devel-linux-x86_64-fedora-clang | 1.1.2 | 309.95 | NOTE | |||
r-devel-linux-x86_64-fedora-gcc | 1.1.2 | 307.15 | OK | |||
r-devel-windows-x86_64 | 1.1.2 | 24.00 | 158.00 | 182.00 | OK | |
r-patched-linux-x86_64 | 1.1.2 | 21.79 | 160.81 | 182.60 | OK | |
r-release-linux-x86_64 | 1.1.2 | 18.63 | 160.13 | 178.76 | OK | |
r-release-macos-arm64 | 1.1.2 | 87.00 | OK | |||
r-release-macos-x86_64 | 1.1.2 | 163.00 | OK | |||
r-release-windows-x86_64 | 1.1.2 | 23.00 | 155.00 | 178.00 | OK | |
r-oldrel-macos-arm64 | 1.1.2 | 92.00 | OK | |||
r-oldrel-macos-x86_64 | 1.1.2 | 194.00 | OK | |||
r-oldrel-windows-x86_64 | 1.1.2 | 30.00 | 200.00 | 230.00 | OK |
Version: 1.1.2
Check: Rd cross-references
Result: NOTE
Undeclared package ‘spsur’ in Rd xrefs
Flavor: r-devel-linux-x86_64-fedora-clang