Last updated on 2022-05-18 01:50:00 CEST.
Flavor | Version | Tinstall | Tcheck | Ttotal | Status | Flags |
---|---|---|---|---|---|---|
r-devel-linux-x86_64-debian-clang | 0.3.2 | 9.35 | 252.87 | 262.22 | OK | |
r-devel-linux-x86_64-debian-gcc | 0.3.2 | 5.38 | 182.11 | 187.49 | OK | |
r-devel-linux-x86_64-fedora-clang | 0.3.2 | 303.16 | NOTE | |||
r-devel-linux-x86_64-fedora-gcc | 0.3.2 | 301.15 | NOTE | |||
r-devel-windows-x86_64 | 0.3.2 | 69.00 | 278.00 | 347.00 | OK | |
r-patched-linux-x86_64 | 0.3.2 | 8.78 | 229.69 | 238.47 | OK | |
r-release-linux-x86_64 | 0.3.2 | 6.82 | 234.73 | 241.55 | OK | |
r-release-macos-arm64 | 0.3.2 | 88.00 | NOTE | |||
r-release-macos-x86_64 | 0.3.2 | 131.00 | NOTE | |||
r-release-windows-x86_64 | 0.3.2 | 64.00 | 278.00 | 342.00 | OK | |
r-oldrel-macos-arm64 | 0.3.2 | 124.00 | NOTE | |||
r-oldrel-macos-x86_64 | 0.3.2 | 110.00 | NOTE | |||
r-oldrel-windows-ix86+x86_64 | 0.3.2 | 18.00 | 277.00 | 295.00 | OK |
Version: 0.3.2
Check: dependencies in R code
Result: NOTE
Namespaces in Imports field not imported from:
‘lifecycle’ ‘patchwork’
All declared Imports should be used.
Flavors: r-devel-linux-x86_64-fedora-clang, r-devel-linux-x86_64-fedora-gcc, r-release-macos-arm64, r-release-macos-x86_64, r-oldrel-macos-arm64, r-oldrel-macos-x86_64