CRAN Package Check Results for Package psychmeta

Last updated on 2022-01-20 01:50:45 CET.

Flavor Version Tinstall Tcheck Ttotal Status Flags
r-devel-linux-x86_64-debian-clang 2.6.2 OK
r-devel-linux-x86_64-debian-gcc 2.6.1 52.80 285.20 338.00 OK
r-devel-linux-x86_64-fedora-clang 2.6.2 318.19 OK
r-devel-linux-x86_64-fedora-gcc 2.6.2 269.85 OK
r-devel-windows-x86_64-new-UL 2.6.2 202.00 310.00 512.00 OK
r-devel-windows-x86_64-new-TK 2.6.1 OK
r-patched-linux-x86_64 2.6.1 49.82 380.01 429.83 OK
r-release-linux-x86_64 2.6.1 WARN
r-release-macos-arm64 2.6.1 OK
r-release-macos-x86_64 2.6.1 OK
r-release-windows-ix86+x86_64 2.6.2 91.00 428.00 519.00 OK
r-oldrel-macos-x86_64 2.6.0 NOTE
r-oldrel-windows-ix86+x86_64 2.6.1 92.00 428.00 520.00 OK

Check Details

Version: 2.6.1
Check: re-building of vignette outputs
Result: WARN
    Error(s) in re-building vignettes:
     ...
    --- re-building ‘ma_r.Rmd’ using rmarkdown
    --- finished re-building ‘ma_r.Rmd’
    
    --- re-building ‘overview.Rmd’ using rmarkdown
    pandoc-citeproc: PandocHttpError "https://zotero.org/styles/apa" (HttpExceptionRequest Request {
     host = "zotero.org"
     port = 443
     secure = True
     requestHeaders = []
     path = "/styles/apa"
     queryString = ""
     method = "GET"
     proxy = Nothing
     rawBody = False
     redirectCount = 10
     responseTimeout = ResponseTimeoutDefault
     requestVersion = HTTP/1.1
    }
     ResponseTimeout)
    Error running filter /usr/bin/pandoc-citeproc:
    Filter returned error status 1
    Error: processing vignette 'overview.Rmd' failed with diagnostics:
    pandoc document conversion failed with error 83
    --- failed re-building ‘overview.Rmd’
    
    SUMMARY: processing the following file failed:
     ‘overview.Rmd’
    
    Error: Vignette re-building failed.
    Execution halted
Flavor: r-release-linux-x86_64

Version: 2.6.0
Check: dependencies in R code
Result: NOTE
    Namespace in Imports field not imported from: ‘mathjaxr’
     All declared Imports should be used.
Flavor: r-oldrel-macos-x86_64