CRAN Package Check Results for Package psycho

Last updated on 2020-11-28 01:48:49 CET.

Flavor Version Tinstall Tcheck Ttotal Status Flags
r-devel-linux-x86_64-debian-clang 0.5.0 5.57 62.61 68.18 OK
r-devel-linux-x86_64-debian-gcc 0.5.0 5.15 45.89 51.04 OK
r-devel-linux-x86_64-fedora-clang 0.5.0 82.58 NOTE
r-devel-linux-x86_64-fedora-gcc 0.5.0 75.03 NOTE
r-devel-windows-ix86+x86_64 0.5.0 11.00 78.00 89.00 OK --no-vignettes
r-patched-linux-x86_64 0.5.0 6.10 60.89 66.99 OK
r-patched-solaris-x86 0.5.0 116.90 NOTE
r-release-linux-x86_64 0.5.0 5.69 60.69 66.38 OK
r-release-macos-x86_64 0.5.0 NOTE
r-release-windows-ix86+x86_64 0.5.0 13.00 78.00 91.00 OK --no-vignettes
r-oldrel-macos-x86_64 0.5.0 NOTE
r-oldrel-windows-ix86+x86_64 0.5.0 7.00 78.00 85.00 OK --no-vignettes

Check Details

Version: 0.5.0
Check: dependencies in R code
Result: NOTE
    Namespaces in Imports field not imported from:
     ‘methods’ ‘performance’ ‘tidyr’
     All declared Imports should be used.
Flavors: r-devel-linux-x86_64-fedora-clang, r-devel-linux-x86_64-fedora-gcc, r-patched-solaris-x86, r-release-macos-x86_64, r-oldrel-macos-x86_64