Last updated on 2024-04-19 01:58:54 CEST.
Flavor | Version | Tinstall | Tcheck | Ttotal | Status | Flags |
---|---|---|---|---|---|---|
r-devel-linux-x86_64-debian-clang | 0.11.6 | 1052.54 | 228.89 | 1281.43 | OK | |
r-devel-linux-x86_64-debian-gcc | 0.11.6 | 804.83 | 162.82 | 967.65 | OK | |
r-devel-linux-x86_64-fedora-clang | 0.11.6 | 1844.56 | OK | |||
r-devel-linux-x86_64-fedora-gcc | 0.11.6 | 1896.77 | OK | |||
r-prerel-macos-arm64 | 0.11.6 | 294.00 | NOTE | |||
r-prerel-macos-x86_64 | 0.11.6 | 367.00 | NOTE | |||
r-prerel-windows-x86_64 | 0.11.6 | 787.00 | 202.00 | 989.00 | OK | |
r-patched-linux-x86_64 | 0.11.6 | 954.24 | 210.82 | 1165.06 | OK | |
r-release-linux-x86_64 | 0.11.6 | 851.62 | 219.94 | 1071.56 | OK | |
r-release-macos-arm64 | 0.11.6 | 286.00 | NOTE | |||
r-release-macos-x86_64 | 0.11.6 | 371.00 | NOTE | |||
r-release-windows-x86_64 | 0.11.6 | 960.00 | 248.00 | 1208.00 | OK | |
r-oldrel-macos-arm64 | 0.11.5 | 242.00 | NOTE | |||
r-oldrel-windows-x86_64 | 0.11.5 | 914.00 | 236.00 | 1150.00 | OK |
Version: 0.11.6
Check: installed package size
Result: NOTE
installed size is 28.2Mb
sub-directories of 1Mb or more:
libs 27.1Mb
Flavors: r-prerel-macos-arm64, r-prerel-macos-x86_64, r-release-macos-arm64, r-release-macos-x86_64
Version: 0.11.5
Check: installed package size
Result: NOTE
installed size is 28.2Mb
sub-directories of 1Mb or more:
libs 27.1Mb
Flavor: r-oldrel-macos-arm64