Last updated on 2024-03-29 01:51:14 CET.
Flavor | Version | Tinstall | Tcheck | Ttotal | Status | Flags |
---|---|---|---|---|---|---|
r-devel-linux-x86_64-debian-clang | 1.0.2 | 4.47 | 48.20 | 52.67 | OK | |
r-devel-linux-x86_64-debian-gcc | 1.0.2 | 3.13 | 36.64 | 39.77 | OK | |
r-devel-linux-x86_64-fedora-clang | 1.0.2 | 64.59 | NOTE | |||
r-devel-linux-x86_64-fedora-gcc | 1.0.2 | 76.14 | NOTE | |||
r-devel-windows-x86_64 | 1.0.2 | 6.00 | 57.00 | 63.00 | OK | |
r-patched-linux-x86_64 | 1.0.2 | 4.25 | 46.60 | 50.85 | OK | |
r-release-linux-x86_64 | 1.0.2 | 4.11 | 44.54 | 48.65 | OK | |
r-release-macos-arm64 | 1.0.2 | 30.00 | OK | |||
r-release-macos-x86_64 | 1.0.2 | 57.00 | OK | |||
r-release-windows-x86_64 | 1.0.2 | 6.00 | 61.00 | 67.00 | OK | |
r-oldrel-macos-arm64 | 1.0.2 | 33.00 | OK | |||
r-oldrel-windows-x86_64 | 1.0.2 | 7.00 | 69.00 | 76.00 | OK |
Version: 1.0.2
Check: for detritus in the temp directory
Result: NOTE
Found the following files/directories:
‘pulse-PKdhtXMmr18n’
Flavors: r-devel-linux-x86_64-fedora-clang, r-devel-linux-x86_64-fedora-gcc