CRAN Package Check Results for Package pubh

Last updated on 2022-05-19 02:49:19 CEST.

Flavor Version Tinstall Tcheck Ttotal Status Flags
r-devel-linux-x86_64-debian-clang 1.2.7 12.90 399.14 412.04 OK
r-devel-linux-x86_64-debian-gcc 1.2.7 9.23 277.03 286.26 OK
r-devel-linux-x86_64-fedora-clang 1.2.7 458.20 NOTE
r-devel-linux-x86_64-fedora-gcc 1.2.7 462.05 NOTE
r-devel-windows-x86_64 1.2.7 43.00 401.00 444.00 OK
r-patched-linux-x86_64 1.2.7 21.53 358.01 379.54 OK
r-release-linux-x86_64 1.2.7 11.09 362.03 373.12 OK
r-release-macos-arm64 1.2.7 122.00 NOTE
r-release-macos-x86_64 1.2.7 207.00 NOTE
r-release-windows-x86_64 1.2.7 36.00 404.00 440.00 OK
r-oldrel-macos-arm64 1.2.7 121.00 NOTE
r-oldrel-macos-x86_64 1.2.7 155.00 NOTE
r-oldrel-windows-ix86+x86_64 1.2.7 39.00 430.00 469.00 OK

Check Details

Version: 1.2.7
Check: dependencies in R code
Result: NOTE
    Namespaces in Imports field not imported from:
     ‘Hmisc’ ‘sjPlot’
     All declared Imports should be used.
Flavors: r-devel-linux-x86_64-fedora-clang, r-devel-linux-x86_64-fedora-gcc, r-release-macos-arm64, r-release-macos-x86_64, r-oldrel-macos-arm64, r-oldrel-macos-x86_64